CRAN Package Check Results for Package TITAN2

Last updated on 2022-12-02 23:50:42 CET.

Flavor Version Tinstall Tcheck Ttotal Status Flags
r-devel-linux-x86_64-debian-clang 2.4.1 9.94 119.15 129.09 OK
r-devel-linux-x86_64-debian-gcc 2.4.1 7.90 87.38 95.28 OK
r-devel-linux-x86_64-fedora-clang 2.4.1 167.85 NOTE
r-devel-linux-x86_64-fedora-gcc 2.4.1 183.30 NOTE
r-devel-windows-x86_64 2.4.1 24.00 459.00 483.00 OK
r-patched-linux-x86_64 2.4.1 12.70 108.25 120.95 OK
r-release-linux-x86_64 2.4.1 7.11 121.46 128.57 OK
r-release-macos-arm64 2.4.1 52.00 NOTE
r-release-macos-x86_64 2.4.1 105.00 NOTE
r-release-windows-x86_64 2.4.1 23.00 446.00 469.00 OK
r-oldrel-macos-arm64 2.4.1 48.00 NOTE
r-oldrel-macos-x86_64 2.4.1 102.00 NOTE
r-oldrel-windows-ix86+x86_64 2.4.1 21.00 530.00 551.00 OK

Check Details

Version: 2.4.1
Check: dependencies in R code
Result: NOTE
    Namespace in Imports field not imported from: ‘snow’
     All declared Imports should be used.
Flavors: r-devel-linux-x86_64-fedora-clang, r-devel-linux-x86_64-fedora-gcc, r-release-macos-arm64, r-release-macos-x86_64, r-oldrel-macos-arm64, r-oldrel-macos-x86_64