CRAN Package Check Results for Package TITAN2

Last updated on 2021-12-04 23:50:48 CET.

Flavor Version Tinstall Tcheck Ttotal Status Flags
r-devel-linux-x86_64-debian-clang 2.4.1 8.93 123.21 132.14 OK
r-devel-linux-x86_64-debian-gcc 2.4.1 7.65 91.97 99.62 OK
r-devel-linux-x86_64-fedora-clang 2.4.1 161.21 NOTE
r-devel-linux-x86_64-fedora-gcc 2.4.1 144.96 NOTE
r-devel-windows-x86_64-new-UL 2.4.1 18.00 191.00 209.00 OK
r-devel-windows-x86_64-new-TK 2.4.1 NOTE
r-devel-windows-x86_64-old 2.4.1 14.00 477.00 491.00 OK
r-patched-linux-x86_64 2.4.1 15.58 97.73 113.31 OK
r-release-linux-x86_64 2.4.1 8.34 98.87 107.21 OK
r-release-macos-arm64 2.4.1 NOTE
r-release-macos-x86_64 2.4.1 NOTE
r-release-windows-ix86+x86_64 2.4.1 18.00 130.00 148.00 OK
r-oldrel-macos-x86_64 2.4.1 NOTE
r-oldrel-windows-ix86+x86_64 2.4.1 19.00 493.00 512.00 OK

Check Details

Version: 2.4.1
Check: dependencies in R code
Result: NOTE
    Namespace in Imports field not imported from: ‘snow’
     All declared Imports should be used.
Flavors: r-devel-linux-x86_64-fedora-clang, r-devel-linux-x86_64-fedora-gcc, r-devel-windows-x86_64-new-TK, r-release-macos-arm64, r-release-macos-x86_64, r-oldrel-macos-x86_64