CRAN Package Check Results for Package TH.data

Last updated on 2019-07-15 00:50:54 CEST.

Flavor Version Tinstall Tcheck Ttotal Status Flags
r-devel-linux-x86_64-debian-clang 1.0-10 4.24 27.39 31.63 OK
r-devel-linux-x86_64-debian-gcc 1.0-10 4.49 22.65 27.14 OK
r-devel-linux-x86_64-fedora-clang 1.0-10 39.48 NOTE
r-devel-linux-x86_64-fedora-gcc 1.0-10 39.22 OK
r-devel-windows-ix86+x86_64 1.0-10 11.00 41.00 52.00 NOTE
r-patched-linux-x86_64 1.0-10 4.58 27.70 32.28 OK
r-patched-solaris-x86 1.0-10 66.30 NOTE
r-release-linux-x86_64 1.0-10 4.85 27.50 32.35 OK
r-release-windows-ix86+x86_64 1.0-10 13.00 41.00 54.00 NOTE
r-release-osx-x86_64 1.0-10 NOTE
r-oldrel-windows-ix86+x86_64 1.0-10 10.00 51.00 61.00 NOTE
r-oldrel-osx-x86_64 1.0-10 NOTE

Check Details

Version: 1.0-10
Check: installed package size
Result: NOTE
     installed size is 8.5Mb
     sub-directories of 1Mb or more:
     data 1.2Mb
     rda 7.1Mb
Flavors: r-devel-linux-x86_64-fedora-clang, r-devel-windows-ix86+x86_64, r-patched-solaris-x86, r-release-windows-ix86+x86_64, r-release-osx-x86_64, r-oldrel-windows-ix86+x86_64, r-oldrel-osx-x86_64