CRAN Package Check Results for Package TH.data

Last updated on 2019-10-20 23:47:39 CEST.

Flavor Version Tinstall Tcheck Ttotal Status Flags
r-devel-linux-x86_64-debian-clang 1.0-10 5.15 27.57 32.72 OK
r-devel-linux-x86_64-debian-gcc 1.0-10 4.50 22.38 26.88 OK
r-devel-linux-x86_64-fedora-clang 1.0-10 39.82 NOTE
r-devel-linux-x86_64-fedora-gcc 1.0-10 42.03 OK
r-devel-windows-ix86+x86_64 1.0-10 11.00 36.00 47.00 NOTE
r-patched-linux-x86_64 1.0-10 4.89 26.69 31.58 OK
r-patched-solaris-x86 1.0-10 63.50 NOTE
r-release-linux-x86_64 1.0-10 4.37 27.31 31.68 OK
r-release-windows-ix86+x86_64 1.0-10 14.00 40.00 54.00 NOTE
r-release-osx-x86_64 1.0-10 NOTE
r-oldrel-windows-ix86+x86_64 1.0-10 6.00 36.00 42.00 NOTE
r-oldrel-osx-x86_64 1.0-10 NOTE

Check Details

Version: 1.0-10
Check: installed package size
Result: NOTE
     installed size is 8.5Mb
     sub-directories of 1Mb or more:
     data 1.2Mb
     rda 7.1Mb
Flavors: r-devel-linux-x86_64-fedora-clang, r-devel-windows-ix86+x86_64, r-patched-solaris-x86, r-release-windows-ix86+x86_64, r-release-osx-x86_64, r-oldrel-windows-ix86+x86_64, r-oldrel-osx-x86_64