CRAN Package Check Results for Package TDMR

Last updated on 2020-02-17 00:49:30 CET.

Flavor Version Tinstall Tcheck Ttotal Status Flags
r-devel-linux-x86_64-debian-clang 2.1 19.71 132.60 152.31 NOTE
r-devel-linux-x86_64-debian-gcc 2.1 15.51 102.20 117.71 NOTE
r-devel-linux-x86_64-fedora-clang 2.1 185.78 NOTE
r-devel-windows-ix86+x86_64 2.1 41.00 140.00 181.00 OK
r-devel-windows-ix86+x86_64-gcc8 2.1 65.00 199.00 264.00 OK
r-patched-linux-x86_64 2.1 17.67 120.43 138.10 OK
r-patched-solaris-x86 2.1 245.30 OK
r-release-linux-x86_64 2.1 18.46 119.82 138.28 OK
r-release-windows-ix86+x86_64 2.1 35.00 128.00 163.00 OK
r-release-osx-x86_64 2.1 OK
r-oldrel-windows-ix86+x86_64 2.1 22.00 124.00 146.00 OK
r-oldrel-osx-x86_64 2.1 OK

Check Details

Version: 2.1
Check: for non-standard things in the check directory
Result: NOTE
    Found the following files/directories:
     'Output' 'exBigLoop.RData'
Flavors: r-devel-linux-x86_64-debian-clang, r-devel-linux-x86_64-debian-gcc, r-devel-linux-x86_64-fedora-clang