CRAN Package Check Results for Package TDMR

Last updated on 2019-09-15 23:46:34 CEST.

Flavor Version Tinstall Tcheck Ttotal Status Flags
r-devel-linux-x86_64-debian-clang 2.1 14.85 119.90 134.75 NOTE
r-devel-linux-x86_64-debian-gcc 2.1 11.30 93.48 104.78 NOTE
r-devel-linux-x86_64-fedora-clang 2.1 161.01 NOTE
r-devel-linux-x86_64-fedora-gcc 2.1 157.46 NOTE
r-devel-windows-ix86+x86_64 2.1 64.00 114.00 178.00 OK
r-patched-linux-x86_64 2.1 14.90 118.24 133.14 OK
r-patched-solaris-x86 2.1 221.10 OK
r-release-linux-x86_64 2.1 15.07 118.45 133.52 OK
r-release-windows-ix86+x86_64 2.1 29.00 176.00 205.00 OK
r-release-osx-x86_64 2.1 OK
r-oldrel-windows-ix86+x86_64 2.1 37.00 113.00 150.00 OK
r-oldrel-osx-x86_64 2.1 OK

Check Details

Version: 2.1
Check: for non-standard things in the check directory
Result: NOTE
    Found the following files/directories:
     'Output' 'exBigLoop.RData'
Flavors: r-devel-linux-x86_64-debian-clang, r-devel-linux-x86_64-debian-gcc, r-devel-linux-x86_64-fedora-clang, r-devel-linux-x86_64-fedora-gcc