CRAN Package Check Results for Package TDAmapper

Last updated on 2021-04-14 23:47:30 CEST.

Flavor Version Tinstall Tcheck Ttotal Status Flags
r-devel-linux-x86_64-debian-clang 1.0 2.01 21.18 23.19 NOTE
r-devel-linux-x86_64-debian-gcc 1.0 1.71 16.67 18.38 NOTE
r-devel-linux-x86_64-fedora-clang 1.0 38.02 NOTE
r-devel-linux-x86_64-fedora-gcc 1.0 27.92 NOTE
r-devel-windows-ix86+x86_64 1.0 4.00 36.00 40.00 NOTE
r-devel-windows-x86_64-gcc10-UCRT 1.0 NOTE
r-patched-linux-x86_64 1.0 1.82 20.59 22.41 NOTE
r-patched-solaris-x86 1.0 45.60 NOTE
r-release-linux-x86_64 1.0 2.04 20.57 22.61 NOTE
r-release-macos-x86_64 1.0 NOTE
r-release-windows-ix86+x86_64 1.0 4.00 37.00 41.00 NOTE
r-oldrel-macos-x86_64 1.0 NOTE
r-oldrel-windows-ix86+x86_64 1.0 3.00 27.00 30.00 NOTE

Check Details

Version: 1.0
Check: R code for possible problems
Result: NOTE
    cluster_cutoff_at_first_empty_bin: no visible global function
     definition for 'hist'
    mapper1D: no visible global function definition for 'dist'
    mapper1D: no visible global function definition for 'as.dist'
    mapper1D: no visible global function definition for 'hclust'
    mapper1D: no visible global function definition for 'cutree'
    mapper2D: no visible global function definition for 'dist'
    mapper2D: no visible global function definition for 'as.dist'
    mapper2D: no visible global function definition for 'hclust'
    mapper2D: no visible global function definition for 'cutree'
    Undefined global functions or variables:
     as.dist cutree dist hclust hist
    Consider adding
     importFrom("graphics", "hist")
     importFrom("stats", "as.dist", "cutree", "dist", "hclust")
    to your NAMESPACE file.
Flavors: r-devel-linux-x86_64-debian-clang, r-devel-linux-x86_64-debian-gcc, r-devel-linux-x86_64-fedora-clang, r-devel-linux-x86_64-fedora-gcc, r-devel-windows-ix86+x86_64, r-devel-windows-x86_64-gcc10-UCRT, r-patched-linux-x86_64, r-patched-solaris-x86, r-release-linux-x86_64, r-release-macos-x86_64, r-release-windows-ix86+x86_64, r-oldrel-macos-x86_64, r-oldrel-windows-ix86+x86_64

Version: 1.0
Check: LazyData
Result: NOTE
     'LazyData' is specified without a 'data' directory
Flavors: r-devel-linux-x86_64-debian-clang, r-devel-linux-x86_64-debian-gcc, r-devel-linux-x86_64-fedora-clang, r-devel-linux-x86_64-fedora-gcc, r-devel-windows-ix86+x86_64, r-devel-windows-x86_64-gcc10-UCRT