Last updated on 2021-01-24 23:47:45 CET.
Flavor | Version | Tinstall | Tcheck | Ttotal | Status | Flags |
---|---|---|---|---|---|---|
r-devel-linux-x86_64-debian-clang | 0.1.0 | 18.41 | 512.76 | 531.17 | OK | |
r-devel-linux-x86_64-debian-gcc | 0.1.0 | 15.33 | 397.14 | 412.47 | OK | |
r-devel-linux-x86_64-fedora-clang | 0.1.0 | 646.03 | NOTE | |||
r-devel-linux-x86_64-fedora-gcc | 0.1.0 | 632.72 | NOTE | |||
r-devel-windows-ix86+x86_64 | 0.1.0 | 40.00 | 605.00 | 645.00 | OK | |
r-patched-linux-x86_64 | 0.1.0 | 11.93 | 521.72 | 533.65 | OK | |
r-patched-solaris-x86 | 0.1.0 | 908.40 | NOTE | |||
r-release-linux-x86_64 | 0.1.0 | 13.16 | 527.99 | 541.15 | OK | |
r-release-macos-x86_64 | 0.1.0 | NOTE | ||||
r-release-windows-ix86+x86_64 | 0.1.0 | 43.00 | 643.00 | 686.00 | OK | |
r-oldrel-macos-x86_64 | 0.1.0 | NOTE | ||||
r-oldrel-windows-ix86+x86_64 | 0.1.0 | 29.00 | 604.00 | 633.00 | OK |
Version: 0.1.0
Check: dependencies in R code
Result: NOTE
Namespaces in Imports field not imported from:
‘gridExtra’ ‘mvtnorm’
All declared Imports should be used.
Flavors: r-devel-linux-x86_64-fedora-clang, r-devel-linux-x86_64-fedora-gcc, r-patched-solaris-x86, r-release-macos-x86_64, r-oldrel-macos-x86_64