Last updated on 2023-05-29 00:59:46 CEST.
Flavor | Version | Tinstall | Tcheck | Ttotal | Status | Flags |
---|---|---|---|---|---|---|
r-devel-linux-x86_64-debian-clang | 0.2.0 | 21.62 | 447.72 | 469.34 | OK | |
r-devel-linux-x86_64-debian-gcc | 0.2.0 | 17.31 | 335.90 | 353.21 | OK | |
r-devel-linux-x86_64-fedora-clang | 0.2.0 | 568.90 | NOTE | |||
r-devel-linux-x86_64-fedora-gcc | 0.2.0 | 622.07 | NOTE | |||
r-devel-windows-x86_64 | 0.2.0 | 19.00 | 456.00 | 475.00 | OK | |
r-patched-linux-x86_64 | 0.2.0 | 23.76 | 428.09 | 451.85 | OK | |
r-release-linux-x86_64 | 0.2.0 | 15.53 | 427.07 | 442.60 | OK | |
r-release-macos-arm64 | 0.2.0 | 175.00 | OK | |||
r-release-macos-x86_64 | 0.2.0 | 293.00 | OK | |||
r-release-windows-x86_64 | 0.2.0 | 23.00 | 709.00 | 732.00 | OK | |
r-oldrel-macos-arm64 | 0.2.0 | 105.00 | NOTE | |||
r-oldrel-macos-x86_64 | 0.2.0 | 176.00 | NOTE | |||
r-oldrel-windows-x86_64 | 0.2.0 | 23.00 | 786.00 | 809.00 | OK |
Version: 0.2.0
Check: dependencies in R code
Result: NOTE
Namespaces in Imports field not imported from:
‘gridExtra’ ‘mvtnorm’
All declared Imports should be used.
Flavors: r-devel-linux-x86_64-fedora-clang, r-devel-linux-x86_64-fedora-gcc, r-oldrel-macos-arm64, r-oldrel-macos-x86_64