CRAN Package Check Results for Package SunsVoc

Last updated on 2024-06-19 00:49:42 CEST.

Flavor Version Tinstall Tcheck Ttotal Status Flags
r-devel-linux-x86_64-debian-clang 0.1.2 19.09 75.26 94.35 OK
r-devel-linux-x86_64-debian-gcc 0.1.2 20.53 55.46 75.99 OK
r-devel-linux-x86_64-fedora-clang 0.1.2 126.86 NOTE
r-devel-linux-x86_64-fedora-gcc 0.1.2 133.39 NOTE
r-devel-windows-x86_64 0.1.2 25.00 80.00 105.00 OK
r-patched-linux-x86_64 0.1.2 22.55 70.97 93.52 OK
r-release-linux-x86_64 0.1.2 25.12 72.25 97.37 OK
r-release-macos-arm64 0.1.2 51.00 OK
r-release-macos-x86_64 0.1.2 73.00 OK
r-release-windows-x86_64 0.1.2 23.00 78.00 101.00 OK
r-oldrel-macos-arm64 0.1.2 60.00 OK
r-oldrel-macos-x86_64 0.1.2 80.00 OK
r-oldrel-windows-x86_64 0.1.2 28.00 88.00 116.00 OK

Check Details

Version: 0.1.2
Check: dependencies in R code
Result: NOTE Namespace in Imports field not imported from: ‘data.table’ All declared Imports should be used. Flavors: r-devel-linux-x86_64-fedora-clang, r-devel-linux-x86_64-fedora-gcc