CRAN Package Check Results for Package SubpathwayGMir

Last updated on 2019-03-18 02:48:45 CET.

Flavor Version Tinstall Tcheck Ttotal Status Flags
r-devel-linux-x86_64-debian-clang 1.0 8.16 110.27 118.43 NOTE
r-devel-linux-x86_64-debian-gcc 1.0 6.46 104.81 111.27 NOTE
r-devel-linux-x86_64-fedora-clang 1.0 165.66 NOTE
r-devel-linux-x86_64-fedora-gcc 1.0 165.33 NOTE
r-devel-windows-ix86+x86_64 1.0 16.00 188.00 204.00 NOTE
r-patched-linux-x86_64 1.0 7.37 130.92 138.29 NOTE
r-patched-solaris-x86 1.0 292.80 NOTE
r-release-linux-x86_64 1.0 6.46 128.31 134.77 NOTE
r-release-windows-ix86+x86_64 1.0 15.00 143.00 158.00 NOTE
r-release-osx-x86_64 1.0 NOTE
r-oldrel-windows-ix86+x86_64 1.0 11.00 194.00 205.00 NOTE
r-oldrel-osx-x86_64 1.0 NOTE

Check Details

Version: 1.0
Check: R code for possible problems
Result: NOTE
    identifyGraph: no visible global function definition for 'phyper'
    mytriangle: no visible global function definition for 'symbols'
    plotGraph: no visible global function definition for 'par'
    plotGraph: no visible global function definition for 'plot'
    updateOrgEnvir: no visible global function definition for 'read.table'
    Undefined global functions or variables:
     par phyper plot read.table symbols
    Consider adding
     importFrom("graphics", "par", "plot", "symbols")
     importFrom("stats", "phyper")
     importFrom("utils", "read.table")
    to your NAMESPACE file.
Flavors: r-devel-linux-x86_64-debian-clang, r-devel-linux-x86_64-debian-gcc, r-devel-linux-x86_64-fedora-clang, r-devel-linux-x86_64-fedora-gcc, r-devel-windows-ix86+x86_64, r-patched-linux-x86_64, r-patched-solaris-x86, r-release-linux-x86_64, r-release-windows-ix86+x86_64, r-release-osx-x86_64, r-oldrel-windows-ix86+x86_64, r-oldrel-osx-x86_64