CRAN Package Check Results for Package SubpathwayGMir

Last updated on 2019-05-27 02:51:22 CEST.

Flavor Version Tinstall Tcheck Ttotal Status Flags
r-devel-linux-x86_64-debian-clang 1.0 8.26 108.43 116.69 NOTE
r-devel-linux-x86_64-debian-gcc 1.0 8.21 102.56 110.77 NOTE
r-devel-linux-x86_64-fedora-clang 1.0 169.07 NOTE
r-devel-linux-x86_64-fedora-gcc 1.0 167.55 NOTE
r-devel-windows-ix86+x86_64 1.0 13.00 184.00 197.00 NOTE
r-patched-linux-x86_64 1.0 NOTE
r-patched-solaris-x86 1.0 302.60 NOTE
r-release-linux-x86_64 1.0 8.58 124.87 133.45 NOTE
r-release-windows-ix86+x86_64 1.0 19.00 150.00 169.00 NOTE
r-release-osx-x86_64 1.0 NOTE
r-oldrel-windows-ix86+x86_64 1.0 14.00 152.00 166.00 NOTE
r-oldrel-osx-x86_64 1.0 NOTE

Check Details

Version: 1.0
Check: R code for possible problems
Result: NOTE
    identifyGraph: no visible global function definition for 'phyper'
    mytriangle: no visible global function definition for 'symbols'
    plotGraph: no visible global function definition for 'par'
    plotGraph: no visible global function definition for 'plot'
    updateOrgEnvir: no visible global function definition for 'read.table'
    Undefined global functions or variables:
     par phyper plot read.table symbols
    Consider adding
     importFrom("graphics", "par", "plot", "symbols")
     importFrom("stats", "phyper")
     importFrom("utils", "read.table")
    to your NAMESPACE file.
Flavors: r-devel-linux-x86_64-debian-clang, r-devel-linux-x86_64-debian-gcc, r-devel-linux-x86_64-fedora-clang, r-devel-linux-x86_64-fedora-gcc, r-devel-windows-ix86+x86_64, r-patched-linux-x86_64, r-patched-solaris-x86, r-release-linux-x86_64, r-release-windows-ix86+x86_64, r-release-osx-x86_64, r-oldrel-windows-ix86+x86_64, r-oldrel-osx-x86_64