CRAN Package Check Results for Package SubgrPlots

Last updated on 2022-07-03 23:55:59 CEST.

Flavor Version Tinstall Tcheck Ttotal Status Flags
r-devel-linux-x86_64-debian-clang 0.1.3 35.56 345.07 380.63 OK
r-devel-linux-x86_64-debian-gcc 0.1.3 25.27 254.99 280.26 OK
r-devel-linux-x86_64-fedora-clang 0.1.3 450.93 NOTE
r-devel-linux-x86_64-fedora-gcc 0.1.3 455.36 NOTE
r-devel-windows-x86_64 0.1.3 44.00 485.00 529.00 OK
r-patched-linux-x86_64 0.1.3 31.16 320.80 351.96 OK
r-release-linux-x86_64 0.1.3 24.27 326.58 350.85 OK
r-release-macos-arm64 0.1.3 142.00 NOTE
r-release-macos-x86_64 0.1.3 184.00 NOTE
r-release-windows-x86_64 0.1.3 62.00 612.00 674.00 OK
r-oldrel-macos-arm64 0.1.3 155.00 NOTE
r-oldrel-macos-x86_64 0.1.3 196.00 NOTE
r-oldrel-windows-ix86+x86_64 0.1.3 62.00 376.00 438.00 OK

Check Details

Version: 0.1.3
Check: dependencies in R code
Result: NOTE
    Namespaces in Imports field not imported from:
     ‘UpSetR’ ‘alluvial’ ‘gridBase’
     All declared Imports should be used.
Flavors: r-devel-linux-x86_64-fedora-clang, r-devel-linux-x86_64-fedora-gcc, r-release-macos-arm64, r-release-macos-x86_64, r-oldrel-macos-arm64, r-oldrel-macos-x86_64