CRAN Package Check Results for Package StratifiedBalancing

Last updated on 2020-09-27 23:49:40 CEST.

Flavor Version Tinstall Tcheck Ttotal Status Flags
r-devel-linux-x86_64-debian-clang 0.3.0 4.06 28.95 33.01 OK
r-devel-linux-x86_64-debian-gcc 0.3.0 3.18 22.64 25.82 OK
r-devel-linux-x86_64-fedora-clang 0.3.0 49.11 NOTE
r-devel-linux-x86_64-fedora-gcc 0.3.0 42.44 NOTE
r-devel-windows-ix86+x86_64 0.3.0 8.00 49.00 57.00 OK
r-patched-linux-x86_64 0.3.0 3.41 27.94 31.35 OK
r-patched-solaris-x86 0.3.0 55.60 NOTE
r-release-linux-x86_64 0.3.0 3.78 28.24 32.02 OK
r-release-macos-x86_64 0.3.0 NOTE
r-release-windows-ix86+x86_64 0.3.0 15.00 51.00 66.00 OK
r-oldrel-macos-x86_64 0.3.0 NOTE
r-oldrel-windows-ix86+x86_64 0.3.0 7.00 46.00 53.00 OK

Check Details

Version: 0.3.0
Check: dependencies in R code
Result: NOTE
    Namespace in Imports field not imported from: ‘bnlearn’
     All declared Imports should be used.
Flavors: r-devel-linux-x86_64-fedora-clang, r-devel-linux-x86_64-fedora-gcc, r-patched-solaris-x86, r-release-macos-x86_64, r-oldrel-macos-x86_64