Last updated on 2022-06-26 23:52:11 CEST.
Flavor | Version | Tinstall | Tcheck | Ttotal | Status | Flags |
---|---|---|---|---|---|---|
r-devel-linux-x86_64-debian-clang | 1.0 | 12.71 | 111.57 | 124.28 | NOTE | |
r-devel-linux-x86_64-debian-gcc | 1.0 | 10.28 | 81.66 | 91.94 | NOTE | |
r-devel-linux-x86_64-fedora-clang | 1.0 | 156.69 | NOTE | |||
r-devel-linux-x86_64-fedora-gcc | 1.0 | 153.12 | NOTE | |||
r-devel-windows-x86_64 | 1.0 | 67.00 | 129.00 | 196.00 | NOTE | |
r-patched-linux-x86_64 | 1.0 | 12.63 | 103.42 | 116.05 | NOTE | |
r-release-linux-x86_64 | 1.0 | 9.28 | 103.32 | 112.60 | NOTE | |
r-release-macos-arm64 | 1.0 | 45.00 | NOTE | |||
r-release-macos-x86_64 | 1.0 | 72.00 | NOTE | |||
r-release-windows-x86_64 | 1.0 | 66.00 | 128.00 | 194.00 | NOTE | |
r-oldrel-macos-arm64 | 1.0 | 51.00 | NOTE | |||
r-oldrel-macos-x86_64 | 1.0 | 80.00 | NOTE | |||
r-oldrel-windows-ix86+x86_64 | 1.0 | 29.00 | 122.00 | 151.00 | NOTE |
Version: 1.0
Check: LazyData
Result: NOTE
'LazyData' is specified without a 'data' directory
Flavors: r-devel-linux-x86_64-debian-clang, r-devel-linux-x86_64-debian-gcc, r-devel-linux-x86_64-fedora-clang, r-devel-linux-x86_64-fedora-gcc, r-devel-windows-x86_64, r-patched-linux-x86_64, r-release-linux-x86_64, r-release-macos-arm64, r-release-macos-x86_64, r-release-windows-x86_64, r-oldrel-macos-arm64, r-oldrel-macos-x86_64, r-oldrel-windows-ix86+x86_64