Last updated on 2023-02-03 23:51:50 CET.
Flavor | Version | Tinstall | Tcheck | Ttotal | Status | Flags |
---|---|---|---|---|---|---|
r-devel-linux-x86_64-debian-clang | 1.3.0 | 11.48 | 153.84 | 165.32 | OK | |
r-devel-linux-x86_64-debian-gcc | 1.3.0 | 8.33 | 110.89 | 119.22 | OK | |
r-devel-linux-x86_64-fedora-clang | 1.3.0 | 203.58 | NOTE | |||
r-devel-linux-x86_64-fedora-gcc | 1.3.0 | 202.64 | OK | |||
r-devel-windows-x86_64 | 1.3.0 | 33.00 | 201.00 | 234.00 | NOTE | |
r-patched-linux-x86_64 | 1.3.0 | 12.09 | 147.71 | 159.80 | OK | |
r-release-linux-x86_64 | 1.3.0 | 10.66 | 148.41 | 159.07 | OK | |
r-release-macos-arm64 | 1.3.0 | 66.00 | NOTE | |||
r-release-macos-x86_64 | 1.3.0 | 86.00 | NOTE | |||
r-release-windows-x86_64 | 1.3.0 | 45.00 | 212.00 | 257.00 | NOTE | |
r-oldrel-macos-arm64 | 1.3.0 | 58.00 | NOTE | |||
r-oldrel-macos-x86_64 | 1.3.0 | 78.00 | NOTE | |||
r-oldrel-windows-ix86+x86_64 | 1.3.0 | 27.00 | 201.00 | 228.00 | NOTE |
Version: 1.3.0
Check: installed package size
Result: NOTE
installed size is 8.8Mb
sub-directories of 1Mb or more:
doc 8.2Mb
Flavors: r-devel-linux-x86_64-fedora-clang, r-devel-windows-x86_64, r-release-macos-arm64, r-release-macos-x86_64, r-release-windows-x86_64, r-oldrel-macos-arm64, r-oldrel-macos-x86_64, r-oldrel-windows-ix86+x86_64