CRAN Package Check Results for Package SplitReg

Last updated on 2019-12-08 23:47:40 CET.

Flavor Version Tinstall Tcheck Ttotal Status Flags
r-devel-linux-x86_64-debian-clang 1.0.0 39.53 70.96 110.49 WARN
r-devel-linux-x86_64-debian-gcc 1.0.0 26.40 45.42 71.82 WARN
r-devel-linux-x86_64-fedora-clang 1.0.0 142.86 WARN
r-devel-linux-x86_64-fedora-gcc 1.0.0 161.54 WARN
r-devel-windows-ix86+x86_64 1.0.0 63.00 237.00 300.00 NOTE
r-devel-windows-ix86+x86_64-gcc8 1.0.0 66.00 233.00 299.00 NOTE
r-patched-linux-x86_64 1.0.0 29.01 91.79 120.80 OK
r-patched-solaris-x86 1.0.0 191.40 OK
r-release-linux-x86_64 1.0.0 27.25 92.13 119.38 OK
r-release-windows-ix86+x86_64 1.0.0 73.00 211.00 284.00 OK
r-release-osx-x86_64 1.0.0 OK
r-oldrel-windows-ix86+x86_64 1.0.0 50.00 199.00 249.00 OK
r-oldrel-osx-x86_64 1.0.0 OK

Additional issues

clang-UBSAN MKL

Check Details

Version: 1.0.0
Check: whether package can be installed
Result: WARN
    Found the following significant warnings:
     'config' variable 'CPP' is deprecated
     'config' variable 'CXXCPP' is deprecated
Flavors: r-devel-linux-x86_64-debian-clang, r-devel-linux-x86_64-debian-gcc, r-devel-linux-x86_64-fedora-clang, r-devel-linux-x86_64-fedora-gcc

Version: 1.0.0
Check: use of PKG_*FLAGS in Makefiles
Result: NOTE
     PKG_CFLAGS set in 'src/Makevars.in' without any corresponding files
Flavors: r-devel-linux-x86_64-debian-clang, r-devel-linux-x86_64-debian-gcc, r-devel-windows-ix86+x86_64, r-devel-windows-ix86+x86_64-gcc8

Version: 1.0.0
Check: top-level files
Result: NOTE
    ‘cleanup’: /bin/bash is not portable
Flavors: r-devel-linux-x86_64-fedora-clang, r-devel-linux-x86_64-fedora-gcc

Version: 1.0.0
Check: use of PKG_*FLAGS in Makefiles
Result: NOTE
     PKG_CFLAGS set in ‘src/Makevars’ without any corresponding files
     PKG_CFLAGS set in ‘src/Makevars.in’ without any corresponding files
Flavors: r-devel-linux-x86_64-fedora-clang, r-devel-linux-x86_64-fedora-gcc