CRAN Package Check Results for Package SplitReg

Last updated on 2019-07-22 06:47:49 CEST.

Flavor Version Tinstall Tcheck Ttotal Status Flags
r-devel-linux-x86_64-debian-clang 1.0.0 33.65 67.78 101.43 NOTE
r-devel-linux-x86_64-debian-gcc 1.0.0 24.74 43.49 68.23 NOTE
r-devel-linux-x86_64-fedora-clang 1.0.0 134.73 NOTE
r-devel-linux-x86_64-fedora-gcc 1.0.0 156.66 NOTE
r-devel-windows-ix86+x86_64 1.0.0 46.00 225.00 271.00 NOTE
r-patched-linux-x86_64 1.0.0 29.52 91.94 121.46 OK
r-patched-solaris-x86 1.0.0 186.50 OK
r-release-linux-x86_64 1.0.0 32.43 91.55 123.98 OK
r-release-windows-ix86+x86_64 1.0.0 54.00 203.00 257.00 OK
r-release-osx-x86_64 1.0.0 OK
r-oldrel-windows-ix86+x86_64 1.0.0 69.00 217.00 286.00 OK
r-oldrel-osx-x86_64 1.0.0 OK

Additional issues

clang-UBSAN MKL

Check Details

Version: 1.0.0
Check: use of PKG_*FLAGS in Makefiles
Result: NOTE
     PKG_CFLAGS set in 'src/Makevars.in' without any corresponding files
Flavors: r-devel-linux-x86_64-debian-clang, r-devel-linux-x86_64-debian-gcc, r-devel-windows-ix86+x86_64

Version: 1.0.0
Check: use of PKG_*FLAGS in Makefiles
Result: NOTE
     PKG_CFLAGS set in ‘src/Makevars’ without any corresponding files
     PKG_CFLAGS set in ‘src/Makevars.in’ without any corresponding files
Flavors: r-devel-linux-x86_64-fedora-clang, r-devel-linux-x86_64-fedora-gcc