CRAN Package Check Results for Package SpatialTools

Last updated on 2022-12-02 23:50:40 CET.

Flavor Version Tinstall Tcheck Ttotal Status Flags
r-devel-linux-x86_64-debian-clang 1.0.4 86.55 83.65 170.20 OK
r-devel-linux-x86_64-debian-gcc 1.0.4 74.42 64.97 139.39 OK
r-devel-linux-x86_64-fedora-clang 1.0.4 257.08 OK
r-devel-linux-x86_64-fedora-gcc 1.0.4 234.15 OK
r-devel-windows-x86_64 1.0.4 85.00 136.00 221.00 OK
r-patched-linux-x86_64 1.0.4 82.27 79.59 161.86 OK
r-release-linux-x86_64 1.0.4 76.97 80.36 157.33 OK
r-release-macos-arm64 1.0.4 62.00 NOTE
r-release-macos-x86_64 1.0.4 78.00 OK
r-release-windows-x86_64 1.0.4 106.00 137.00 243.00 OK
r-oldrel-macos-arm64 1.0.4 72.00 NOTE
r-oldrel-macos-x86_64 1.0.4 112.00 NOTE
r-oldrel-windows-ix86+x86_64 1.0.4 221.00 142.00 363.00 OK

Check Details

Version: 1.0.4
Check: installed package size
Result: NOTE
     installed size is 5.5Mb
     sub-directories of 1Mb or more:
     libs 5.3Mb
Flavors: r-release-macos-arm64, r-oldrel-macos-arm64, r-oldrel-macos-x86_64