CRAN Package Check Results for Package SparseGrid

Last updated on 2019-07-15 00:50:52 CEST.

Flavor Version Tinstall Tcheck Ttotal Status Flags
r-devel-linux-x86_64-debian-clang 0.8.2 2.37 44.94 47.31 NOTE
r-devel-linux-x86_64-debian-gcc 0.8.2 1.97 32.32 34.29 NOTE
r-devel-linux-x86_64-fedora-clang 0.8.2 56.29 NOTE
r-devel-linux-x86_64-fedora-gcc 0.8.2 53.68 NOTE
r-devel-windows-ix86+x86_64 0.8.2 6.00 54.00 60.00 NOTE
r-patched-linux-x86_64 0.8.2 2.46 44.25 46.71 NOTE
r-patched-solaris-x86 0.8.2 78.90 NOTE
r-release-linux-x86_64 0.8.2 2.55 43.90 46.45 NOTE
r-release-windows-ix86+x86_64 0.8.2 6.00 74.00 80.00 NOTE
r-release-osx-x86_64 0.8.2 NOTE
r-oldrel-windows-ix86+x86_64 0.8.2 5.00 59.00 64.00 NOTE
r-oldrel-osx-x86_64 0.8.2 NOTE

Check Details

Version: 0.8.2
Check: DESCRIPTION meta-information
Result: NOTE
    Malformed Description field: should contain one or more complete sentences.
Flavors: r-devel-linux-x86_64-debian-clang, r-devel-linux-x86_64-debian-gcc, r-devel-linux-x86_64-fedora-clang, r-devel-linux-x86_64-fedora-gcc, r-devel-windows-ix86+x86_64, r-patched-linux-x86_64, r-patched-solaris-x86, r-release-linux-x86_64, r-release-windows-ix86+x86_64, r-release-osx-x86_64, r-oldrel-windows-ix86+x86_64, r-oldrel-osx-x86_64