CRAN Package Check Results for Package SpaDES.core

Last updated on 2022-06-30 23:52:25 CEST.

Flavor Version Tinstall Tcheck Ttotal Status Flags
r-devel-linux-x86_64-debian-clang 1.0.10 62.13 479.83 541.96 NOTE
r-devel-linux-x86_64-debian-gcc 1.0.10 53.80 353.32 407.12 NOTE
r-devel-linux-x86_64-fedora-clang 1.0.10 690.52 NOTE
r-devel-linux-x86_64-fedora-gcc 1.0.10 691.60 NOTE
r-devel-windows-x86_64 1.0.10 372.00 591.00 963.00 OK
r-patched-linux-x86_64 1.0.10 71.11 452.84 523.95 NOTE
r-release-linux-x86_64 1.0.10 61.79 453.31 515.10 NOTE
r-release-macos-arm64 1.0.10 179.00 OK
r-release-macos-x86_64 1.0.10 332.00 OK
r-release-windows-x86_64 1.0.10 466.00 572.00 1038.00 OK
r-oldrel-macos-arm64 1.0.10 171.00 OK
r-oldrel-macos-x86_64 1.0.10 276.00 OK
r-oldrel-windows-ix86+x86_64 1.0.10 125.00 593.00 718.00 OK

Additional issues

noSuggests

Check Details

Version: 1.0.10
Check: package dependencies
Result: NOTE
    Package suggested but not available for checking: 'RandomFields'
Flavors: r-devel-linux-x86_64-debian-clang, r-devel-linux-x86_64-debian-gcc, r-devel-linux-x86_64-fedora-clang, r-devel-linux-x86_64-fedora-gcc, r-patched-linux-x86_64, r-release-linux-x86_64