Last updated on 2023-03-29 00:57:20 CEST.
Flavor | Version | Tinstall | Tcheck | Ttotal | Status | Flags |
---|---|---|---|---|---|---|
r-devel-linux-x86_64-debian-clang | 0.1.5 | 3.52 | 86.93 | 90.45 | NOTE | |
r-devel-linux-x86_64-debian-gcc | 0.1.5 | 3.37 | 64.49 | 67.86 | NOTE | |
r-devel-linux-x86_64-fedora-clang | 0.1.5 | 112.71 | NOTE | |||
r-devel-linux-x86_64-fedora-gcc | 0.1.5 | 127.25 | NOTE | |||
r-devel-windows-x86_64 | 0.1.5 | 26.00 | 129.00 | 155.00 | NOTE | |
r-patched-linux-x86_64 | 0.1.5 | 3.30 | 81.69 | 84.99 | NOTE | |
r-release-linux-x86_64 | 0.1.5 | 4.13 | 81.15 | 85.28 | NOTE | |
r-release-macos-arm64 | 0.1.5 | 27.00 | ERROR | |||
r-release-macos-x86_64 | 0.1.5 | 52.00 | NOTE | |||
r-release-windows-x86_64 | 0.1.5 | 19.00 | 122.00 | 141.00 | NOTE | |
r-oldrel-macos-arm64 | 0.1.5 | 33.00 | NOTE | |||
r-oldrel-macos-x86_64 | 0.1.5 | 52.00 | NOTE | |||
r-oldrel-windows-ix86+x86_64 | 0.1.5 | 9.00 | 117.00 | 126.00 | NOTE |
Version: 0.1.5
Check: package dependencies
Result: NOTE
Package suggested but not available for checking: ‘r2cytoscape’
Flavors: r-devel-linux-x86_64-debian-clang, r-devel-linux-x86_64-debian-gcc, r-devel-linux-x86_64-fedora-clang, r-devel-linux-x86_64-fedora-gcc, r-devel-windows-x86_64, r-patched-linux-x86_64, r-release-linux-x86_64, r-release-macos-x86_64, r-release-windows-x86_64, r-oldrel-macos-arm64, r-oldrel-macos-x86_64, r-oldrel-windows-ix86+x86_64
Version: 0.1.5
Check: package dependencies
Result: NOTE
Packages suggested but not available for checking:
'r2cytoscape', 'hgu95av2.db'
Flavor: r-release-macos-arm64
Version: 0.1.5
Check: re-building of vignette outputs
Result: ERROR
Error(s) in re-building vignettes:
...
--- re-building ‘SourceSet.Rmd’ using rmarkdown
Failed with error: 'there is no package called 'hgu95av2.db''
Quitting from lines 512-527 (SourceSet.Rmd)
Error: processing vignette 'SourceSet.Rmd' failed with diagnostics:
error in evaluating the argument 'x' in selecting a method for function 'as.list': object 'org.Hs.egSYMBOL' not found
--- failed re-building ‘SourceSet.Rmd’
SUMMARY: processing the following file failed:
‘SourceSet.Rmd’
Error: Vignette re-building failed.
Execution halted
Flavor: r-release-macos-arm64