CRAN Package Check Results for Package SoundexBR

Last updated on 2022-09-27 23:55:47 CEST.

Flavor Version Tinstall Tcheck Ttotal Status Flags
r-devel-linux-x86_64-debian-clang 1.2 2.99 24.21 27.20 NOTE
r-devel-linux-x86_64-debian-gcc 1.2 2.29 19.35 21.64 NOTE
r-devel-linux-x86_64-fedora-clang 1.2 49.30 NOTE
r-devel-linux-x86_64-fedora-gcc 1.2 46.81 NOTE
r-devel-windows-x86_64 1.2 14.00 54.00 68.00 NOTE
r-patched-linux-x86_64 1.2 3.13 24.53 27.66 NOTE
r-release-linux-x86_64 1.2 2.48 24.28 26.76 NOTE
r-release-macos-arm64 1.2 17.00 NOTE
r-release-macos-x86_64 1.2 26.00 NOTE
r-release-windows-x86_64 1.2 6.00 52.00 58.00 NOTE
r-oldrel-macos-arm64 1.2 19.00 NOTE
r-oldrel-macos-x86_64 1.2 26.00 NOTE
r-oldrel-windows-ix86+x86_64 1.2 9.00 54.00 63.00 NOTE

Check Details

Version: 1.2
Check: package dependencies
Result: NOTE
    Package suggested but not available for checking: 'SciencesPo'
Flavors: r-devel-linux-x86_64-debian-clang, r-devel-linux-x86_64-debian-gcc, r-devel-linux-x86_64-fedora-clang, r-devel-linux-x86_64-fedora-gcc, r-devel-windows-x86_64, r-patched-linux-x86_64, r-release-linux-x86_64, r-release-macos-arm64, r-release-macos-x86_64, r-release-windows-x86_64, r-oldrel-macos-arm64, r-oldrel-macos-x86_64, r-oldrel-windows-ix86+x86_64

Version: 1.2
Check: LazyData
Result: NOTE
     'LazyData' is specified without a 'data' directory
Flavors: r-devel-linux-x86_64-debian-clang, r-devel-linux-x86_64-debian-gcc, r-devel-linux-x86_64-fedora-clang, r-devel-linux-x86_64-fedora-gcc, r-devel-windows-x86_64, r-patched-linux-x86_64, r-release-linux-x86_64, r-release-macos-arm64, r-release-macos-x86_64, r-release-windows-x86_64, r-oldrel-macos-arm64, r-oldrel-macos-x86_64, r-oldrel-windows-ix86+x86_64

Version: 1.2
Check: compiled code
Result: NOTE
    File ‘SoundexBR/libs/SoundexBR.so’:
     Found no calls to: ‘R_registerRoutines’, ‘R_useDynamicSymbols’
    
    It is good practice to register native routines and to disable symbol
    search.
    
    See ‘Writing portable packages’ in the ‘Writing R Extensions’ manual.
Flavors: r-devel-linux-x86_64-fedora-clang, r-devel-linux-x86_64-fedora-gcc