CRAN Package Check Results for Package SmoothWin

Last updated on 2022-06-26 23:52:10 CEST.

Flavor Version Tinstall Tcheck Ttotal Status Flags
r-devel-linux-x86_64-debian-clang 3.0.0 2.13 42.43 44.56 OK
r-devel-linux-x86_64-debian-gcc 3.0.0 2.60 32.29 34.89 OK
r-devel-linux-x86_64-fedora-clang 3.0.0 64.52 NOTE
r-devel-linux-x86_64-fedora-gcc 3.0.0 63.94 NOTE
r-devel-windows-x86_64 3.0.0 11.00 71.00 82.00 OK
r-patched-linux-x86_64 3.0.0 3.08 40.48 43.56 OK
r-release-linux-x86_64 3.0.0 3.46 40.08 43.54 OK
r-release-macos-arm64 3.0.0 22.00 NOTE
r-release-macos-x86_64 3.0.0 28.00 NOTE
r-release-windows-x86_64 3.0.0 13.00 72.00 85.00 OK
r-oldrel-macos-arm64 3.0.0 26.00 NOTE
r-oldrel-macos-x86_64 3.0.0 39.00 NOTE
r-oldrel-windows-ix86+x86_64 3.0.0 10.00 66.00 76.00 OK

Check Details

Version: 3.0.0
Check: dependencies in R code
Result: NOTE
    Namespace in Imports field not imported from: ‘nlme’
     All declared Imports should be used.
Flavors: r-devel-linux-x86_64-fedora-clang, r-devel-linux-x86_64-fedora-gcc, r-release-macos-arm64, r-release-macos-x86_64, r-oldrel-macos-arm64, r-oldrel-macos-x86_64