Last updated on 2022-06-26 23:52:10 CEST.
Flavor | Version | Tinstall | Tcheck | Ttotal | Status | Flags |
---|---|---|---|---|---|---|
r-devel-linux-x86_64-debian-clang | 9.1.0 | 25.14 | 274.65 | 299.79 | OK | |
r-devel-linux-x86_64-debian-gcc | 9.1.0 | 22.63 | 278.92 | 301.55 | OK | |
r-devel-linux-x86_64-fedora-clang | 9.1.0 | 370.10 | OK | |||
r-devel-linux-x86_64-fedora-gcc | 9.1.0 | 369.98 | OK | |||
r-devel-windows-x86_64 | 9.1.0 | 93.00 | 360.00 | 453.00 | OK | |
r-patched-linux-x86_64 | 9.1.0 | 28.15 | 261.17 | 289.32 | OK | |
r-release-linux-x86_64 | 9.1.0 | 26.46 | 261.27 | 287.73 | OK | |
r-release-macos-arm64 | 9.1.0 | 121.00 | NOTE | |||
r-release-macos-x86_64 | 9.1.0 | 167.00 | NOTE | |||
r-release-windows-x86_64 | 9.1.0 | 100.00 | 350.00 | 450.00 | OK | |
r-oldrel-macos-arm64 | 9.1.0 | 112.00 | NOTE | |||
r-oldrel-macos-x86_64 | 9.1.0 | 164.00 | NOTE | |||
r-oldrel-windows-ix86+x86_64 | 9.1.0 | 73.00 | 529.00 | 602.00 | NOTE |
Version: 9.1.0
Check: installed package size
Result: NOTE
installed size is 6.4Mb
sub-directories of 1Mb or more:
data 1.9Mb
libs 2.7Mb
Flavors: r-release-macos-arm64, r-release-macos-x86_64, r-oldrel-macos-arm64, r-oldrel-macos-x86_64, r-oldrel-windows-ix86+x86_64