Last updated on 2022-06-26 23:52:10 CEST.
Flavor | Version | Tinstall | Tcheck | Ttotal | Status | Flags |
---|---|---|---|---|---|---|
r-devel-linux-x86_64-debian-clang | 1.10.6 | 37.76 | 333.68 | 371.44 | NOTE | |
r-devel-linux-x86_64-debian-gcc | 1.10.6 | 28.70 | 245.33 | 274.03 | NOTE | |
r-devel-linux-x86_64-fedora-clang | 1.10.6 | 448.98 | NOTE | |||
r-devel-linux-x86_64-fedora-gcc | 1.10.6 | 442.56 | NOTE | |||
r-devel-windows-x86_64 | 1.10.6 | 40.00 | 337.00 | 377.00 | OK | |
r-patched-linux-x86_64 | 1.10.6 | 30.54 | 308.47 | 339.01 | NOTE | |
r-release-linux-x86_64 | 1.10.6 | 25.95 | 312.10 | 338.05 | NOTE | |
r-release-macos-arm64 | 1.10.6 | 121.00 | OK | |||
r-release-macos-x86_64 | 1.10.6 | 197.00 | OK | |||
r-release-windows-x86_64 | 1.10.6 | 48.00 | 325.00 | 373.00 | OK | |
r-oldrel-macos-arm64 | 1.10.6 | 168.00 | OK | |||
r-oldrel-macos-x86_64 | 1.10.6 | 208.00 | OK | |||
r-oldrel-windows-ix86+x86_64 | 1.10.6 | 79.00 | 421.00 | 500.00 | OK |
Version: 1.10.6
Check: for non-standard things in the check directory
Result: NOTE
Found the following files/directories:
'ExportFigtree1.tre'
Flavors: r-devel-linux-x86_64-debian-clang, r-devel-linux-x86_64-debian-gcc, r-devel-linux-x86_64-fedora-clang, r-devel-linux-x86_64-fedora-gcc, r-patched-linux-x86_64, r-release-linux-x86_64