CRAN Package Check Results for Package SiER

Last updated on 2022-07-05 23:55:52 CEST.

Flavor Version Tinstall Tcheck Ttotal Status Flags
r-devel-linux-x86_64-debian-clang 0.1.0 2.18 31.97 34.15 NOTE
r-devel-linux-x86_64-debian-gcc 0.1.0 2.19 25.19 27.38 NOTE
r-devel-linux-x86_64-fedora-clang 0.1.0 53.79 NOTE
r-devel-linux-x86_64-fedora-gcc 0.1.0 52.39 NOTE
r-devel-windows-x86_64 0.1.0 10.00 64.00 74.00 NOTE
r-patched-linux-x86_64 0.1.0 2.63 32.16 34.79 NOTE
r-release-linux-x86_64 0.1.0 2.83 32.79 35.62 NOTE
r-release-macos-arm64 0.1.0 19.00 NOTE
r-release-macos-x86_64 0.1.0 25.00 NOTE
r-release-windows-x86_64 0.1.0 7.00 66.00 73.00 NOTE
r-oldrel-macos-arm64 0.1.0 22.00 NOTE
r-oldrel-macos-x86_64 0.1.0 34.00 NOTE
r-oldrel-windows-ix86+x86_64 0.1.0 5.00 51.00 56.00 NOTE

Check Details

Version: 0.1.0
Check: LazyData
Result: NOTE
     'LazyData' is specified without a 'data' directory
Flavors: r-devel-linux-x86_64-debian-clang, r-devel-linux-x86_64-debian-gcc, r-devel-linux-x86_64-fedora-clang, r-devel-linux-x86_64-fedora-gcc, r-devel-windows-x86_64, r-patched-linux-x86_64, r-release-linux-x86_64, r-release-macos-arm64, r-release-macos-x86_64, r-release-windows-x86_64, r-oldrel-macos-arm64, r-oldrel-macos-x86_64, r-oldrel-windows-ix86+x86_64