Last updated on 2021-01-18 23:49:45 CET.
Flavor | Version | Tinstall | Tcheck | Ttotal | Status | Flags |
---|---|---|---|---|---|---|
r-devel-linux-x86_64-debian-clang | 1.0.7 | 73.93 | 83.57 | 157.50 | OK | |
r-devel-linux-x86_64-debian-gcc | 1.0.7 | 54.16 | 62.16 | 116.32 | OK | |
r-devel-linux-x86_64-fedora-clang | 1.0.7 | 227.97 | NOTE | |||
r-devel-linux-x86_64-fedora-gcc | 1.0.7 | 198.91 | OK | |||
r-devel-windows-ix86+x86_64 | 1.0.7 | 121.00 | 108.00 | 229.00 | OK | |
r-patched-linux-x86_64 | 1.0.7 | 61.61 | 78.43 | 140.04 | OK | |
r-patched-solaris-x86 | 1.0.7 | 195.50 | OK | |||
r-release-linux-x86_64 | 1.0.7 | 60.22 | 77.55 | 137.77 | OK | |
r-release-macos-x86_64 | 1.0.7 | NOTE | ||||
r-release-windows-ix86+x86_64 | 1.0.7 | 135.00 | 106.00 | 241.00 | OK | |
r-oldrel-macos-x86_64 | 1.0.7 | NOTE | ||||
r-oldrel-windows-ix86+x86_64 | 1.0.7 | 118.00 | 104.00 | 222.00 | OK |
Version: 1.0.7
Check: installed package size
Result: NOTE
installed size is 10.5Mb
sub-directories of 1Mb or more:
libs 9.1Mb
Flavors: r-devel-linux-x86_64-fedora-clang, r-release-macos-x86_64, r-oldrel-macos-x86_64