CRAN Package Check Results for Package SemNeT

Last updated on 2021-01-25 23:49:20 CET.

Flavor Version Tinstall Tcheck Ttotal Status Flags
r-devel-linux-x86_64-debian-clang 1.4.1 10.78 94.04 104.82 OK
r-devel-linux-x86_64-debian-gcc 1.4.1 9.69 67.91 77.60 OK
r-devel-linux-x86_64-fedora-clang 1.4.1 129.02 NOTE
r-devel-linux-x86_64-fedora-gcc 1.4.1 117.59 NOTE
r-devel-windows-ix86+x86_64 1.4.1 26.00 125.00 151.00 OK
r-patched-linux-x86_64 1.4.1 7.52 86.16 93.68 OK
r-patched-solaris-x86 1.4.1 165.20 NOTE
r-release-linux-x86_64 1.4.1 7.18 85.59 92.77 OK
r-release-macos-x86_64 1.4.1 NOTE
r-release-windows-ix86+x86_64 1.4.1 26.00 99.00 125.00 OK
r-oldrel-macos-x86_64 1.4.1 NOTE
r-oldrel-windows-ix86+x86_64 1.4.1 18.00 117.00 135.00 OK

Check Details

Version: 1.4.1
Check: dependencies in R code
Result: NOTE
    Namespaces in Imports field not imported from:
     ‘RColorBrewer’ ‘grid’ ‘purrr’
     All declared Imports should be used.
Flavors: r-devel-linux-x86_64-fedora-clang, r-devel-linux-x86_64-fedora-gcc, r-patched-solaris-x86, r-release-macos-x86_64, r-oldrel-macos-x86_64

Version: 1.4.1
Check: Rd cross-references
Result: NOTE
    Undeclared packages ‘NetworkToolbox’, ‘SemNetCleaner’ in Rd xrefs
Flavor: r-devel-linux-x86_64-fedora-clang