CRAN Package Check Results for Package SelectBoost

Last updated on 2021-04-20 23:47:57 CEST.

Flavor Version Tinstall Tcheck Ttotal Status Flags
r-devel-linux-x86_64-debian-clang 2.2.0 14.91 131.16 146.07 OK
r-devel-linux-x86_64-debian-gcc 2.2.0 13.39 99.97 113.36 OK
r-devel-linux-x86_64-fedora-clang 2.2.0 189.28 NOTE
r-devel-linux-x86_64-fedora-gcc 2.2.0 181.62 NOTE
r-devel-windows-ix86+x86_64 2.2.0 36.00 120.00 156.00 OK
r-devel-windows-x86_64-gcc10-UCRT 2.2.0 NOTE
r-patched-linux-x86_64 2.2.0 17.62 124.10 141.72 WARN
r-patched-solaris-x86 2.2.0 245.90 NOTE
r-release-linux-x86_64 2.2.0 16.90 123.66 140.56 OK
r-release-macos-x86_64 2.2.0 NOTE
r-release-windows-ix86+x86_64 2.2.0 35.00 166.00 201.00 OK
r-oldrel-macos-x86_64 2.2.0 NOTE
r-oldrel-windows-ix86+x86_64 2.2.0 46.00 148.00 194.00 OK

Check Details

Version: 2.2.0
Check: dependencies in R code
Result: NOTE
    Namespace in Imports field not imported from: ‘parallel’
     All declared Imports should be used.
Flavors: r-devel-linux-x86_64-fedora-clang, r-devel-linux-x86_64-fedora-gcc, r-devel-windows-x86_64-gcc10-UCRT, r-patched-solaris-x86, r-release-macos-x86_64, r-oldrel-macos-x86_64

Version: 2.2.0
Check: whether package can be installed
Result: WARN
    Found the following significant warnings:
     Rd warning: /private/var/folders/90/p76zyjkn5892txnh1199q6lw0000gn/T/RtmpWSCrNc/Rbuild168c9136fbafd/SelectBoost/man/group_func_2.Rd:39: file link ‘infomap.community’ in package ‘igraph’ does not exist and so has been treated as a topic
     Rd warning: /private/var/folders/90/p76zyjkn5892txnh1199q6lw0000gn/T/RtmpWSCrNc/Rbuild168c9136fbafd/SelectBoost/man/group_func_2.Rd:39: file link ‘igraph’ in package ‘igraph’ does not exist and so has been treated as a topic
     Rd warning: /private/var/folders/90/p76zyjkn5892txnh1199q6lw0000gn/T/RtmpWSCrNc/Rbuild168c9136fbafd/SelectBoost/man/plot_selectboost_cascade.Rd:51: file link ‘inference’ in package ‘Cascade’ does not exist and so has been treated as a topic
     Rd warning: /private/var/folders/90/p76zyjkn5892txnh1199q6lw0000gn/T/RtmpWSCrNc/Rbuild168c9136fbafd/SelectBoost/man/selectboost_cascade.Rd:95: file link ‘inference’ in package ‘Cascade’ does not exist and so has been treated as a topic
Flavor: r-patched-linux-x86_64