CRAN Package Check Results for Package SeleMix

Last updated on 2023-05-30 00:59:57 CEST.

Flavor Version Tinstall Tcheck Ttotal Status Flags
r-devel-linux-x86_64-debian-clang 1.0.2 3.32 37.01 40.33 OK
r-devel-linux-x86_64-debian-gcc 1.0.2 2.11 29.20 31.31 OK
r-devel-linux-x86_64-fedora-clang 1.0.2 51.40 OK
r-devel-linux-x86_64-fedora-gcc 1.0.2 49.35 OK
r-devel-windows-x86_64 1.0.2 3.00 57.00 60.00 OK
r-patched-linux-x86_64 1.0.2 2.77 36.16 38.93 OK
r-release-linux-x86_64 1.0.2 3.05 36.08 39.13 OK
r-release-macos-arm64 1.0.2 20.00 OK
r-release-macos-x86_64 1.0.2 29.00 NOTE
r-release-windows-x86_64 1.0.2 4.00 58.00 62.00 OK
r-oldrel-macos-arm64 1.0.2 21.00 OK
r-oldrel-macos-x86_64 1.0.2 29.00 OK
r-oldrel-windows-x86_64 1.0.2 5.00 63.00 68.00 OK

Check Details

Version: 1.0.2
Check: package dependencies
Result: NOTE
    Package suggested but not available for checking: ‘Ecdat’
Flavor: r-release-macos-x86_64