CRAN Package Check Results for Package SecDim

Last updated on 2022-11-28 22:51:34 CET.

Flavor Version Tinstall Tcheck Ttotal Status Flags
r-devel-linux-x86_64-debian-clang 2.2 3.64 34.68 38.32 OK
r-devel-linux-x86_64-debian-gcc 2.2 2.64 26.60 29.24 OK
r-devel-linux-x86_64-fedora-clang 2.2 57.66 NOTE
r-devel-linux-x86_64-fedora-gcc 2.2 55.80 NOTE
r-devel-windows-x86_64 2.2 12.00 67.00 79.00 OK
r-patched-linux-x86_64 2.2 2.33 32.24 34.57 OK
r-release-linux-x86_64 2.2 3.39 33.09 36.48 OK
r-release-macos-arm64 2.2 28.00 NOTE
r-release-macos-x86_64 2.2 47.00 NOTE
r-release-windows-x86_64 2.2 15.00 66.00 81.00 OK
r-oldrel-macos-arm64 2.2 30.00 NOTE
r-oldrel-macos-x86_64 2.2 60.00 NOTE
r-oldrel-windows-ix86+x86_64 2.2 9.00 63.00 72.00 OK

Check Details

Version: 2.2
Check: dependencies in R code
Result: NOTE
    Namespace in Imports field not imported from: ‘utils’
     All declared Imports should be used.
Flavors: r-devel-linux-x86_64-fedora-clang, r-devel-linux-x86_64-fedora-gcc, r-release-macos-arm64, r-release-macos-x86_64, r-oldrel-macos-arm64, r-oldrel-macos-x86_64