Last updated on 2021-02-25 23:49:10 CET.
Flavor | Version | Tinstall | Tcheck | Ttotal | Status | Flags |
---|---|---|---|---|---|---|
r-devel-linux-x86_64-debian-clang | 1.0 | 20.96 | 31.28 | 52.24 | NOTE | |
r-devel-linux-x86_64-debian-gcc | 1.0 | 14.99 | 24.79 | 39.78 | NOTE | |
r-devel-linux-x86_64-fedora-clang | 1.0 | 83.69 | NOTE | |||
r-devel-linux-x86_64-fedora-gcc | 1.0 | 68.05 | NOTE | |||
r-devel-windows-ix86+x86_64 | 1.0 | 41.00 | 62.00 | 103.00 | NOTE | |
r-patched-linux-x86_64 | 1.0 | 17.12 | 30.50 | 47.62 | NOTE | |
r-patched-solaris-x86 | 1.0 | 86.40 | NOTE | |||
r-release-linux-x86_64 | 1.0 | 16.85 | 30.50 | 47.35 | NOTE | |
r-release-macos-x86_64 | 1.0 | NOTE | ||||
r-release-windows-ix86+x86_64 | 1.0 | 55.00 | 81.00 | 136.00 | NOTE | |
r-oldrel-macos-x86_64 | 1.0 | NOTE | ||||
r-oldrel-windows-ix86+x86_64 | 1.0 | 42.00 | 71.00 | 113.00 | NOTE |
Version: 1.0
Check: for GNU extensions in Makefiles
Result: NOTE
GNU make is a SystemRequirements.
Flavors: r-devel-linux-x86_64-debian-clang, r-devel-linux-x86_64-debian-gcc, r-devel-linux-x86_64-fedora-clang, r-devel-linux-x86_64-fedora-gcc, r-devel-windows-ix86+x86_64, r-patched-linux-x86_64, r-patched-solaris-x86, r-release-linux-x86_64, r-release-macos-x86_64, r-release-windows-ix86+x86_64, r-oldrel-macos-x86_64, r-oldrel-windows-ix86+x86_64