CRAN Package Check Results for Package SanFranBeachWater

Last updated on 2019-07-22 06:47:48 CEST.

Flavor Version Tinstall Tcheck Ttotal Status Flags
r-devel-linux-x86_64-debian-clang 0.1.0 4.80 39.61 44.41 OK
r-devel-linux-x86_64-debian-gcc 0.1.0 4.12 30.79 34.91 OK
r-devel-linux-x86_64-fedora-clang 0.1.0 52.15 NOTE
r-devel-linux-x86_64-fedora-gcc 0.1.0 49.51 NOTE
r-devel-windows-ix86+x86_64 0.1.0 11.00 52.00 63.00 OK
r-patched-linux-x86_64 0.1.0 5.16 37.50 42.66 OK
r-patched-solaris-x86 0.1.0 82.40 NOTE
r-release-linux-x86_64 0.1.0 5.09 37.51 42.60 OK
r-release-windows-ix86+x86_64 0.1.0 9.00 50.00 59.00 OK
r-release-osx-x86_64 0.1.0 NOTE
r-oldrel-windows-ix86+x86_64 0.1.0 8.00 85.00 93.00 OK
r-oldrel-osx-x86_64 0.1.0 NOTE

Check Details

Version: 0.1.0
Check: dependencies in R code
Result: NOTE
    Namespace in Imports field not imported from: ‘tibble’
     All declared Imports should be used.
Flavors: r-devel-linux-x86_64-fedora-clang, r-devel-linux-x86_64-fedora-gcc, r-patched-solaris-x86, r-release-osx-x86_64, r-oldrel-osx-x86_64