CRAN Package Check Results for Package SanFranBeachWater

Last updated on 2019-12-08 23:47:38 CET.

Flavor Version Tinstall Tcheck Ttotal Status Flags
r-devel-linux-x86_64-debian-clang 0.1.0 5.87 41.34 47.21 OK
r-devel-linux-x86_64-debian-gcc 0.1.0 4.72 32.08 36.80 OK
r-devel-linux-x86_64-fedora-clang 0.1.0 58.94 NOTE
r-devel-linux-x86_64-fedora-gcc 0.1.0 53.48 NOTE
r-devel-windows-ix86+x86_64 0.1.0 12.00 95.00 107.00 OK
r-devel-windows-ix86+x86_64-gcc8 0.1.0 13.00 64.00 77.00 OK
r-patched-linux-x86_64 0.1.0 5.17 36.83 42.00 OK
r-patched-solaris-x86 0.1.0 81.50 NOTE
r-release-linux-x86_64 0.1.0 5.16 37.14 42.30 OK
r-release-windows-ix86+x86_64 0.1.0 11.00 53.00 64.00 OK
r-release-osx-x86_64 0.1.0 NOTE
r-oldrel-windows-ix86+x86_64 0.1.0 6.00 52.00 58.00 OK
r-oldrel-osx-x86_64 0.1.0 NOTE

Check Details

Version: 0.1.0
Check: dependencies in R code
Result: NOTE
    Namespace in Imports field not imported from: ‘tibble’
     All declared Imports should be used.
Flavors: r-devel-linux-x86_64-fedora-clang, r-devel-linux-x86_64-fedora-gcc, r-patched-solaris-x86, r-release-osx-x86_64, r-oldrel-osx-x86_64