CRAN Package Check Results for Package SWIM

Last updated on 2019-10-13 23:47:33 CEST.

Flavor Version Tinstall Tcheck Ttotal Status Flags
r-devel-linux-x86_64-debian-clang 0.1.0 4.32 45.87 50.19 OK
r-devel-linux-x86_64-debian-gcc 0.1.0 3.59 35.36 38.95 OK
r-devel-linux-x86_64-fedora-clang 0.1.0 60.00 NOTE
r-devel-linux-x86_64-fedora-gcc 0.1.0 59.06 NOTE
r-devel-windows-ix86+x86_64 0.1.0 13.00 56.00 69.00 OK
r-patched-linux-x86_64 0.1.0 4.63 43.72 48.35 OK
r-patched-solaris-x86 0.1.0 99.50 NOTE
r-release-linux-x86_64 0.1.0 4.35 44.34 48.69 OK
r-release-windows-ix86+x86_64 0.1.0 13.00 85.00 98.00 OK
r-release-osx-x86_64 0.1.0 NOTE
r-oldrel-windows-ix86+x86_64 0.1.0 7.00 59.00 66.00 OK
r-oldrel-osx-x86_64 0.1.0 NOTE

Additional issues

noLD

Check Details

Version: 0.1.0
Check: dependencies in R code
Result: NOTE
    Namespace in Imports field not imported from: ‘spatstat’
     All declared Imports should be used.
Flavors: r-devel-linux-x86_64-fedora-clang, r-devel-linux-x86_64-fedora-gcc, r-patched-solaris-x86, r-release-osx-x86_64, r-oldrel-osx-x86_64