CRAN Package Check Results for Package SVMMaj

Last updated on 2023-05-30 00:59:59 CEST.

Flavor Version Tinstall Tcheck Ttotal Status Flags
r-devel-linux-x86_64-debian-clang 0.2.9.1 11.72 316.41 328.13 NOTE
r-devel-linux-x86_64-debian-gcc 0.2.9.1 9.15 238.85 248.00 NOTE
r-devel-linux-x86_64-fedora-clang 0.2.9.1 396.57 NOTE
r-devel-linux-x86_64-fedora-gcc 0.2.9.1 438.82 NOTE
r-devel-windows-x86_64 0.2.9.1 10.00 253.00 263.00 NOTE
r-patched-linux-x86_64 0.2.9.1 11.24 303.01 314.25 NOTE
r-release-linux-x86_64 0.2.9.1 9.17 325.53 334.70 NOTE
r-release-macos-arm64 0.2.9.1 178.00 NOTE
r-release-macos-x86_64 0.2.9.1 294.00 NOTE
r-release-windows-x86_64 0.2.9.1 12.00 280.00 292.00 NOTE
r-oldrel-macos-arm64 0.2.9.1 223.00 OK
r-oldrel-macos-x86_64 0.2.9.1 185.00 OK
r-oldrel-windows-x86_64 0.2.9.1 13.00 285.00 298.00 OK

Check Details

Version: 0.2.9.1
Check: Rd files
Result: NOTE
    checkRd: (-1) diabetes.Rd:18: Escaped LaTeX specials: \^
Flavors: r-devel-linux-x86_64-debian-clang, r-devel-linux-x86_64-debian-gcc, r-devel-linux-x86_64-fedora-clang, r-devel-linux-x86_64-fedora-gcc, r-devel-windows-x86_64, r-patched-linux-x86_64, r-release-linux-x86_64, r-release-macos-arm64, r-release-macos-x86_64, r-release-windows-x86_64

Version: 0.2.9.1
Check: re-building of vignette outputs
Result: NOTE
    Error(s) in re-building vignettes:
    --- re-building ‘paper.Rnw’ using Sweave
    Warning: The dot-dot notation (`..count..`) was deprecated in ggplot2 3.4.0.
    ℹ Please use `after_stat(count)` instead.
    ℹ The deprecated feature was likely used in the SVMMaj package.
     Please report the issue to the authors.
    Scale for y is already present.
    Adding another scale for y, which will replace the existing scale.
    Scale for y is already present.
    Adding another scale for y, which will replace the existing scale.
    
    Attaching package: ‘kernlab’
    
    The following object is masked from ‘package:ggplot2’:
    
     alpha
    
    Error: processing vignette 'paper.Rnw' failed with diagnostics:
    Running 'texi2dvi' on 'paper.tex' failed.
    LaTeX errors:
    ! LaTeX Error: File `relsize.sty' not found.
    
    Type X to quit or <RETURN> to proceed,
    or enter new name. (Default extension: sty)
    
    ! Emergency stop.
    <read *>
    
    l.987 \ifthenelse
     {\boolean{algocf@slide}}{\RequirePackage{color}}{}%^^M
    ! ==> Fatal error occurred, no output PDF file produced!
    --- failed re-building ‘paper.Rnw’
    
    SUMMARY: processing the following file failed:
     ‘paper.Rnw’
    
    Error: Vignette re-building failed.
    Execution halted
Flavor: r-release-macos-x86_64