CRAN Package Check Results for Package STraTUS

Last updated on 2020-05-24 23:47:56 CEST.

Flavor Version Tinstall Tcheck Ttotal Status Flags
r-devel-linux-x86_64-debian-clang 1.1.2 15.28 114.40 129.68 OK
r-devel-linux-x86_64-debian-gcc 1.1.2 11.35 86.38 97.73 OK
r-devel-linux-x86_64-fedora-clang 1.1.2 153.77 OK
r-devel-linux-x86_64-fedora-gcc 1.1.2 146.52 OK
r-devel-windows-ix86+x86_64 1.1.2 34.00 158.00 192.00 OK
r-patched-linux-x86_64 1.1.2 14.13 112.34 126.47 OK
r-patched-solaris-x86 1.1.2 219.00 OK
r-release-linux-x86_64 1.1.2 13.95 111.14 125.09 OK
r-release-osx-x86_64 1.1.2 ERROR
r-release-windows-ix86+x86_64 1.1.2 13.00 7.00 20.00 ERROR
r-oldrel-osx-x86_64 1.1.2 ERROR
r-oldrel-windows-ix86+x86_64 1.1.2 24.00 116.00 140.00 OK

Check Details

Version: 1.1.2
Check: package dependencies
Result: ERROR
    Package required but not available: ‘ggtree’
    
    See section ‘The DESCRIPTION file’ in the ‘Writing R Extensions’
    manual.
Flavor: r-release-osx-x86_64

Version: 1.1.2
Check: whether package can be installed
Result: ERROR
    Installation failed.
Flavor: r-release-windows-ix86+x86_64

Version: 1.1.2
Check: package dependencies
Result: ERROR
    Package required and available but unsuitable version: ‘ggtree’
    
    See section ‘The DESCRIPTION file’ in the ‘Writing R Extensions’
    manual.
Flavor: r-oldrel-osx-x86_64