CRAN Package Check Results for Package STraTUS

Last updated on 2021-04-17 23:48:42 CEST.

Flavor Version Tinstall Tcheck Ttotal Status Flags
r-devel-linux-x86_64-debian-clang 1.1.2 14.71 132.12 146.83 OK
r-devel-linux-x86_64-debian-gcc 1.1.2 12.90 98.23 111.13 OK
r-devel-linux-x86_64-fedora-clang 1.1.2 177.76 OK
r-devel-linux-x86_64-fedora-gcc 1.1.2 168.72 OK
r-devel-windows-ix86+x86_64 1.1.2 36.00 152.00 188.00 OK
r-devel-windows-x86_64-gcc10-UCRT 1.1.2 OK
r-patched-linux-x86_64 1.1.2 15.07 123.60 138.67 OK
r-patched-solaris-x86 1.1.2 249.90 OK
r-release-linux-x86_64 1.1.2 13.88 123.22 137.10 OK
r-release-macos-x86_64 1.1.2 ERROR
r-release-windows-ix86+x86_64 1.1.2 3.00 8.00 11.00 ERROR
r-oldrel-macos-x86_64 1.1.2 ERROR
r-oldrel-windows-ix86+x86_64 1.1.2 22.00 147.00 169.00 OK

Check Details

Version: 1.1.2
Check: package dependencies
Result: ERROR
    Package required but not available: ‘ggtree’
    
    See section ‘The DESCRIPTION file’ in the ‘Writing R Extensions’
    manual.
Flavor: r-release-macos-x86_64

Version: 1.1.2
Check: whether package can be installed
Result: ERROR
    Installation failed.
Flavor: r-release-windows-ix86+x86_64

Version: 1.1.2
Check: package dependencies
Result: ERROR
    Package required and available but unsuitable version: ‘ggtree’
    
    See section ‘The DESCRIPTION file’ in the ‘Writing R Extensions’
    manual.
Flavor: r-oldrel-macos-x86_64