CRAN Package Check Results for Package STraTUS

Last updated on 2019-10-20 23:47:38 CEST.

Flavor Version Tinstall Tcheck Ttotal Status Flags
r-devel-linux-x86_64-debian-clang 1.1.1 11.00 90.39 101.39 OK
r-devel-linux-x86_64-debian-gcc 1.1.1 8.82 70.75 79.57 OK
r-devel-linux-x86_64-fedora-clang 1.1.1 136.54 OK
r-devel-linux-x86_64-fedora-gcc 1.1.1 121.33 OK
r-devel-windows-ix86+x86_64 1.1.1 24.00 86.00 110.00 OK
r-patched-linux-x86_64 1.1.1 11.47 84.04 95.51 OK
r-patched-solaris-x86 1.1.1 164.80 OK
r-release-linux-x86_64 1.1.1 10.86 83.77 94.63 OK
r-release-windows-ix86+x86_64 1.1.1 31.00 90.00 121.00 OK
r-release-osx-x86_64 1.1.1 OK
r-oldrel-windows-ix86+x86_64 1.1.1 13.00 86.00 99.00 OK
r-oldrel-osx-x86_64 1.1.1 ERROR

Check Details

Version: 1.1.1
Check: package dependencies
Result: ERROR
    Package required and available but unsuitable version: ‘ggtree’
    
    See section ‘The DESCRIPTION file’ in the ‘Writing R Extensions’
    manual.
Flavor: r-oldrel-osx-x86_64