CRAN Package Check Results for Package STEPCAM

Last updated on 2022-07-06 23:52:56 CEST.

Flavor Version Tinstall Tcheck Ttotal Status Flags
r-devel-linux-x86_64-debian-clang 1.2 12.52 159.36 171.88 OK
r-devel-linux-x86_64-debian-gcc 1.2 8.42 118.92 127.34 OK
r-devel-linux-x86_64-fedora-clang 1.2 205.74 WARN
r-devel-linux-x86_64-fedora-gcc 1.2 205.08 WARN
r-devel-windows-x86_64 1.2 20.00 210.00 230.00 OK
r-patched-linux-x86_64 1.2 10.44 152.09 162.53 OK
r-release-linux-x86_64 1.2 8.18 150.08 158.26 OK
r-release-macos-arm64 1.2 57.00 OK
r-release-macos-x86_64 1.2 88.00 OK
r-release-windows-x86_64 1.2 21.00 206.00 227.00 OK
r-oldrel-macos-arm64 1.2 62.00 OK
r-oldrel-macos-x86_64 1.2 128.00 OK
r-oldrel-windows-ix86+x86_64 1.2 23.00 189.00 212.00 OK

Check Details

Version: 1.2
Check: package dependencies
Result: WARN
    Requires orphaned package: ‘gtools’
Flavors: r-devel-linux-x86_64-fedora-clang, r-devel-linux-x86_64-fedora-gcc