Last updated on 2021-01-24 23:47:44 CET.
Flavor | Version | Tinstall | Tcheck | Ttotal | Status | Flags |
---|---|---|---|---|---|---|
r-devel-linux-x86_64-debian-clang | 1.1.15 | 22.76 | 198.34 | 221.10 | OK | |
r-devel-linux-x86_64-debian-gcc | 1.1.15 | 18.12 | 154.84 | 172.96 | OK | |
r-devel-linux-x86_64-fedora-clang | 1.1.15 | 280.71 | OK | |||
r-devel-linux-x86_64-fedora-gcc | 1.1.15 | 282.25 | OK | |||
r-devel-windows-ix86+x86_64 | 1.1.15 | 56.00 | 402.00 | 458.00 | OK | |
r-patched-linux-x86_64 | 1.1.15 | 19.70 | 186.65 | 206.35 | OK | |
r-patched-solaris-x86 | 1.1.15 | 385.10 | NOTE | |||
r-release-linux-x86_64 | 1.1.15 | 17.92 | 185.20 | 203.12 | OK | |
r-release-macos-x86_64 | 1.1.15 | OK | ||||
r-release-windows-ix86+x86_64 | 1.1.15 | 43.00 | 419.00 | 462.00 | OK | |
r-oldrel-macos-x86_64 | 1.1.15 | OK | ||||
r-oldrel-windows-ix86+x86_64 | 1.1.15 | 37.00 | 372.00 | 409.00 | OK |
Version: 1.1.15
Check: installed package size
Result: NOTE
installed size is 5.4Mb
sub-directories of 1Mb or more:
lsndata 2.9Mb
Flavor: r-patched-solaris-x86