CRAN Package Check Results for Package SSDM

Last updated on 2019-08-18 23:47:46 CEST.

Flavor Version Tinstall Tcheck Ttotal Status Flags
r-devel-linux-x86_64-debian-clang 0.2.6 23.51 226.50 250.01 OK
r-devel-linux-x86_64-debian-gcc 0.2.6 21.83 175.51 197.34 OK
r-devel-linux-x86_64-fedora-clang 0.2.6 299.87 NOTE
r-devel-linux-x86_64-fedora-gcc 0.2.6 291.78 NOTE
r-devel-windows-ix86+x86_64 0.2.6 60.00 341.00 401.00 OK
r-patched-linux-x86_64 0.2.6 24.81 220.77 245.58 OK
r-patched-solaris-x86 0.2.6 460.40 NOTE
r-release-linux-x86_64 0.2.6 24.41 219.17 243.58 OK
r-release-windows-ix86+x86_64 0.2.6 40.00 256.00 296.00 OK
r-release-osx-x86_64 0.2.6 NOTE
r-oldrel-windows-ix86+x86_64 0.2.6 46.00 355.00 401.00 OK
r-oldrel-osx-x86_64 0.2.6 NOTE

Check Details

Version: 0.2.6
Check: dependencies in R code
Result: NOTE
    Namespace in Imports field not imported from: ‘shinyFiles’
     All declared Imports should be used.
Flavors: r-devel-linux-x86_64-fedora-clang, r-devel-linux-x86_64-fedora-gcc, r-patched-solaris-x86, r-release-osx-x86_64, r-oldrel-osx-x86_64