CRAN Package Check Results for Package SSDM

Last updated on 2019-12-08 23:47:40 CET.

Flavor Version Tinstall Tcheck Ttotal Status Flags
r-devel-linux-x86_64-debian-clang 0.2.6 29.05 255.14 284.19 OK
r-devel-linux-x86_64-debian-gcc 0.2.6 23.22 191.10 214.32 OK
r-devel-linux-x86_64-fedora-clang 0.2.6 329.76 NOTE
r-devel-linux-x86_64-fedora-gcc 0.2.6 311.16 NOTE
r-devel-windows-ix86+x86_64 0.2.6 42.00 392.00 434.00 OK
r-devel-windows-ix86+x86_64-gcc8 0.2.6 46.00 309.00 355.00 OK
r-patched-linux-x86_64 0.2.6 23.82 226.53 250.35 OK
r-patched-solaris-x86 0.2.6 447.20 NOTE
r-release-linux-x86_64 0.2.6 25.17 225.98 251.15 OK
r-release-windows-ix86+x86_64 0.2.6 45.00 252.00 297.00 OK
r-release-osx-x86_64 0.2.6 NOTE
r-oldrel-windows-ix86+x86_64 0.2.6 29.00 262.00 291.00 OK
r-oldrel-osx-x86_64 0.2.6 NOTE

Check Details

Version: 0.2.6
Check: dependencies in R code
Result: NOTE
    Namespace in Imports field not imported from: ‘shinyFiles’
     All declared Imports should be used.
Flavors: r-devel-linux-x86_64-fedora-clang, r-devel-linux-x86_64-fedora-gcc, r-patched-solaris-x86, r-release-osx-x86_64, r-oldrel-osx-x86_64