CRAN Package Check Results for Package SQN

Last updated on 2020-08-13 23:48:47 CEST.

Flavor Version Tinstall Tcheck Ttotal Status Flags
r-devel-linux-x86_64-debian-clang 1.0.5 2.01 20.65 22.66 NOTE
r-devel-linux-x86_64-debian-gcc 1.0.5 1.57 16.27 17.84 NOTE
r-devel-linux-x86_64-fedora-clang 1.0.5 35.90 NOTE
r-devel-linux-x86_64-fedora-gcc 1.0.5 26.30 NOTE
r-devel-windows-ix86+x86_64 1.0.5 7.00 31.00 38.00 NOTE
r-patched-linux-x86_64 1.0.5 1.92 20.52 22.44 NOTE
r-patched-solaris-x86 1.0.5 43.80 NOTE
r-release-linux-x86_64 1.0.5 1.91 20.62 22.53 NOTE
r-release-macos-x86_64 1.0.5 NOTE
r-release-windows-ix86+x86_64 1.0.5 7.00 43.00 50.00 NOTE
r-oldrel-macos-x86_64 1.0.5 NOTE
r-oldrel-windows-ix86+x86_64 1.0.5 7.00 47.00 54.00 NOTE

Check Details

Version: 1.0.5
Check: R code for possible problems
Result: NOTE
    SQN: no visible binding for global variable 'median'
    SQN: no visible global function definition for 'quantile'
    SQN.demo.data: no visible global function definition for 'rnorm'
    mix.qn: no visible global function definition for 'ecdf'
    mix.qn: no visible global function definition for 'quantile'
    Undefined global functions or variables:
     ecdf median quantile rnorm
    Consider adding
     importFrom("stats", "ecdf", "median", "quantile", "rnorm")
    to your NAMESPACE file.
Flavors: r-devel-linux-x86_64-debian-clang, r-devel-linux-x86_64-debian-gcc, r-devel-linux-x86_64-fedora-clang, r-devel-linux-x86_64-fedora-gcc, r-devel-windows-ix86+x86_64, r-patched-linux-x86_64, r-patched-solaris-x86, r-release-linux-x86_64, r-release-macos-x86_64, r-release-windows-ix86+x86_64, r-oldrel-macos-x86_64, r-oldrel-windows-ix86+x86_64