CRAN Package Check Results for Package SPUTNIK

Last updated on 2022-11-29 22:53:49 CET.

Flavor Version Tinstall Tcheck Ttotal Status Flags
r-devel-linux-x86_64-debian-clang 1.4.1 19.41 491.03 510.44 OK
r-devel-linux-x86_64-debian-gcc 1.4.1 11.72 333.74 345.46 OK
r-devel-linux-x86_64-fedora-clang 1.4.1 650.56 OK
r-devel-linux-x86_64-fedora-gcc 1.4.1 619.56 OK
r-devel-windows-x86_64 1.4.1 58.00 485.00 543.00 OK
r-patched-linux-x86_64 1.4.1 17.92 434.75 452.67 OK
r-release-linux-x86_64 1.4.1 11.87 440.65 452.52 OK
r-release-macos-arm64 1.4 57.00 NOTE
r-release-macos-x86_64 1.4.1 390.00 OK
r-release-windows-x86_64 1.4.1 52.00 571.00 623.00 OK
r-oldrel-macos-arm64 1.4 56.00 NOTE
r-oldrel-macos-x86_64 1.4.1 383.00 OK
r-oldrel-windows-ix86+x86_64 1.4.1 40.00 561.00 601.00 OK

Check Details

Version: 1.4
Check: dependencies in R code
Result: NOTE
    Namespaces in Imports field not imported from:
     ‘spatstat’ ‘spatstat.data’ ‘spatstat.linnet’ ‘spatstat.sparse’
     ‘spatstat.utils’ ‘testthat’
     All declared Imports should be used.
Flavors: r-release-macos-arm64, r-oldrel-macos-arm64