CRAN Package Check Results for Package SPQR

Last updated on 2022-12-03 23:56:27 CET.

Flavor Version Tinstall Tcheck Ttotal Status Flags
r-devel-linux-x86_64-debian-clang 0.1.0 45.10 80.47 125.57 OK
r-devel-linux-x86_64-debian-gcc 0.1.0 35.38 60.98 96.36 OK
r-devel-linux-x86_64-fedora-clang 0.1.0 180.03 NOTE
r-devel-linux-x86_64-fedora-gcc 0.1.0 169.00 NOTE
r-devel-windows-x86_64 0.1.0 52.00 130.00 182.00 OK
r-patched-linux-x86_64 0.1.0 40.54 74.56 115.10 OK
r-release-linux-x86_64 0.1.0 35.18 76.54 111.72 OK
r-release-macos-arm64 0.1.0 46.00 NOTE
r-release-macos-x86_64 0.1.0 64.00 NOTE
r-release-windows-x86_64 0.1.0 70.00 130.00 200.00 OK
r-oldrel-macos-arm64 0.1.0 45.00 NOTE
r-oldrel-macos-x86_64 0.1.0 58.00 NOTE
r-oldrel-windows-ix86+x86_64 0.1.0 110.00 150.00 260.00 OK

Additional issues

donttest

Check Details

Version: 0.1.0
Check: dependencies in R code
Result: NOTE
    Namespaces in Imports field not imported from:
     ‘Rcpp’ ‘progress’
     All declared Imports should be used.
Flavors: r-devel-linux-x86_64-fedora-clang, r-devel-linux-x86_64-fedora-gcc, r-release-macos-arm64, r-release-macos-x86_64, r-oldrel-macos-arm64, r-oldrel-macos-x86_64