CRAN Package Check Results for Package SPOT

Last updated on 2022-05-27 23:54:57 CEST.

Flavor Version Tinstall Tcheck Ttotal Status Flags
r-devel-linux-x86_64-debian-clang 2.9.52 26.27 494.30 520.57 NOTE
r-devel-linux-x86_64-debian-gcc 2.9.52 19.59 359.38 378.97 NOTE
r-devel-linux-x86_64-fedora-clang 2.11.10 500.04 OK
r-devel-linux-x86_64-fedora-gcc 2.11.10 328.36 OK
r-devel-windows-x86_64 2.9.52 106.00 512.00 618.00 OK
r-patched-linux-x86_64 2.9.52 23.14 456.54 479.68 OK
r-release-linux-x86_64 2.9.52 18.36 455.96 474.32 NOTE
r-release-macos-arm64 2.9.52 149.00 OK
r-release-macos-x86_64 2.9.52 198.00 OK
r-release-windows-x86_64 2.9.52 116.00 515.00 631.00 OK
r-oldrel-macos-arm64 2.9.52 132.00 OK
r-oldrel-macos-x86_64 2.9.52 198.00 OK
r-oldrel-windows-ix86+x86_64 2.9.52 49.00 537.00 586.00 OK

Check Details

Version: 2.9.52
Check: package dependencies
Result: NOTE
    Package suggested but not available for checking: 'babsim.hospital'
Flavors: r-devel-linux-x86_64-debian-clang, r-devel-linux-x86_64-debian-gcc, r-release-linux-x86_64

Version: 2.9.52
Check: Rd cross-references
Result: NOTE
    Unknown package 'babsim.hospital' in Rd xrefs
Flavors: r-devel-linux-x86_64-debian-clang, r-devel-linux-x86_64-debian-gcc, r-release-linux-x86_64