CRAN Package Check Results for Package SPEDInstabR

Last updated on 2020-08-13 23:48:47 CEST.

Flavor Version Tinstall Tcheck Ttotal Status Flags
r-devel-linux-x86_64-debian-clang 1.8 3.10 26.47 29.57 OK
r-devel-linux-x86_64-debian-gcc 1.8 2.26 20.83 23.09 OK
r-devel-linux-x86_64-fedora-clang 1.8 43.91 NOTE
r-devel-linux-x86_64-fedora-gcc 1.8 34.70 NOTE
r-devel-windows-ix86+x86_64 1.8 10.00 36.00 46.00 OK
r-patched-linux-x86_64 1.8 3.02 27.15 30.17 OK
r-patched-solaris-x86 1.8 55.00 NOTE
r-release-linux-x86_64 1.8 3.45 27.10 30.55 OK
r-release-macos-x86_64 1.8 NOTE
r-release-windows-ix86+x86_64 1.8 6.00 56.00 62.00 OK
r-oldrel-macos-x86_64 1.8 NOTE
r-oldrel-windows-ix86+x86_64 1.8 5.00 37.00 42.00 OK

Check Details

Version: 1.8
Check: data for non-ASCII characters
Result: NOTE
     Note: found 5 marked Latin-1 strings
Flavors: r-devel-linux-x86_64-fedora-clang, r-devel-linux-x86_64-fedora-gcc, r-patched-solaris-x86, r-release-macos-x86_64, r-oldrel-macos-x86_64