CRAN Package Check Results for Package SMARTp

Last updated on 2019-07-15 00:50:51 CEST.

Flavor Version Tinstall Tcheck Ttotal Status Flags
r-devel-linux-x86_64-debian-clang 0.1.1 2.72 31.70 34.42 OK
r-devel-linux-x86_64-debian-gcc 0.1.1 2.18 25.48 27.66 OK
r-devel-linux-x86_64-fedora-clang 0.1.1 41.37 NOTE
r-devel-linux-x86_64-fedora-gcc 0.1.1 40.39 NOTE
r-devel-windows-ix86+x86_64 0.1.1 6.00 83.00 89.00 OK
r-patched-linux-x86_64 0.1.1 2.79 31.32 34.11 OK
r-patched-solaris-x86 0.1.1 73.90 NOTE
r-release-linux-x86_64 0.1.1 2.13 30.61 32.74 OK
r-release-windows-ix86+x86_64 0.1.1 6.00 74.00 80.00 OK
r-release-osx-x86_64 0.1.1 NOTE
r-oldrel-windows-ix86+x86_64 0.1.1 5.00 49.00 54.00 OK
r-oldrel-osx-x86_64 0.1.1 NOTE

Check Details

Version: 0.1.1
Check: dependencies in R code
Result: NOTE
    Namespace in Imports field not imported from: ‘covr’
     All declared Imports should be used.
Flavors: r-devel-linux-x86_64-fedora-clang, r-devel-linux-x86_64-fedora-gcc, r-patched-solaris-x86, r-release-osx-x86_64, r-oldrel-osx-x86_64