CRAN Package Check Results for Package SMARTp

Last updated on 2019-11-10 23:48:41 CET.

Flavor Version Tinstall Tcheck Ttotal Status Flags
r-devel-linux-x86_64-debian-clang 0.1.1 2.90 31.64 34.54 OK
r-devel-linux-x86_64-debian-gcc 0.1.1 2.52 24.96 27.48 OK
r-devel-linux-x86_64-fedora-clang 0.1.1 43.53 NOTE
r-devel-linux-x86_64-fedora-gcc 0.1.1 41.12 NOTE
r-devel-windows-ix86+x86_64 0.1.1 8.00 49.00 57.00 OK
r-patched-linux-x86_64 0.1.1 2.58 30.47 33.05 OK
r-patched-solaris-x86 0.1.1 74.10 NOTE
r-release-linux-x86_64 0.1.1 2.45 30.56 33.01 OK
r-release-windows-ix86+x86_64 0.1.1 10.00 46.00 56.00 OK
r-release-osx-x86_64 0.1.1 NOTE
r-oldrel-windows-ix86+x86_64 0.1.1 7.00 65.00 72.00 OK
r-oldrel-osx-x86_64 0.1.1 NOTE

Check Details

Version: 0.1.1
Check: dependencies in R code
Result: NOTE
    Namespace in Imports field not imported from: ‘covr’
     All declared Imports should be used.
Flavors: r-devel-linux-x86_64-fedora-clang, r-devel-linux-x86_64-fedora-gcc, r-patched-solaris-x86, r-release-osx-x86_64, r-oldrel-osx-x86_64