CRAN Package Check Results for Package SIfEK

Last updated on 2022-06-30 23:52:25 CEST.

Flavor Version Tinstall Tcheck Ttotal Status Flags
r-devel-linux-x86_64-debian-clang 0.1.0 6.24 55.53 61.77 NOTE
r-devel-linux-x86_64-debian-gcc 0.1.0 3.12 39.47 42.59 NOTE
r-devel-linux-x86_64-fedora-clang 0.1.0 80.88 NOTE
r-devel-linux-x86_64-fedora-gcc 0.1.0 81.28 NOTE
r-devel-windows-x86_64 0.1.0 18.00 76.00 94.00 OK
r-patched-linux-x86_64 0.1.0 5.00 54.23 59.23 NOTE
r-release-linux-x86_64 0.1.0 3.86 53.12 56.98 NOTE
r-release-macos-arm64 0.1.0 25.00 OK
r-release-macos-x86_64 0.1.0 31.00 OK
r-release-windows-x86_64 0.1.0 13.00 76.00 89.00 OK
r-oldrel-macos-arm64 0.1.0 30.00 OK
r-oldrel-macos-x86_64 0.1.0 42.00 OK
r-oldrel-windows-ix86+x86_64 0.1.0 11.00 79.00 90.00 OK

Check Details

Version: 0.1.0
Check: for non-standard things in the check directory
Result: NOTE
    Found the following files/directories:
     'MM.csv' 'Simul.csv' 'catalytic.csv'
Flavors: r-devel-linux-x86_64-debian-clang, r-devel-linux-x86_64-debian-gcc, r-devel-linux-x86_64-fedora-clang, r-devel-linux-x86_64-fedora-gcc, r-patched-linux-x86_64, r-release-linux-x86_64