CRAN Package Check Results for Package SITH

Last updated on 2021-04-21 23:48:17 CEST.

Flavor Version Tinstall Tcheck Ttotal Status Flags
r-devel-linux-x86_64-debian-clang 1.1.0 51.94 64.80 116.74 OK
r-devel-linux-x86_64-debian-gcc 1.1.0 33.19 49.45 82.64 OK
r-devel-linux-x86_64-fedora-clang 1.1.0 165.78 OK
r-devel-linux-x86_64-fedora-gcc 1.1.0 140.25 OK
r-devel-windows-ix86+x86_64 1.1.0 119.00 120.00 239.00 OK
r-devel-windows-x86_64-gcc10-UCRT 1.1.0 WARN
r-patched-linux-x86_64 1.1.0 38.33 61.01 99.34 OK
r-patched-solaris-x86 1.1.0 159.90 OK
r-release-linux-x86_64 1.1.0 40.09 61.20 101.29 OK
r-release-macos-x86_64 1.1.0 OK
r-release-windows-ix86+x86_64 1.1.0 117.00 100.00 217.00 OK
r-oldrel-macos-x86_64 1.1.0 OK
r-oldrel-windows-ix86+x86_64 1.1.0 90.00 111.00 201.00 OK

Check Details

Version: 1.1.0
Check: package dependencies
Result: NOTE
    Package suggested but not available for checking: 'rgl'
Flavor: r-devel-windows-x86_64-gcc10-UCRT

Version: 1.1.0
Check: re-building of vignette outputs
Result: WARN
    Error(s) in re-building vignettes:
     ...
    --- re-building 'SITH.Rmd' using rmarkdown
    Quitting from lines 144-147 (SITH.Rmd)
    Error: processing vignette 'SITH.Rmd' failed with diagnostics:
    there is no package called 'rgl'
    --- failed re-building 'SITH.Rmd'
    
    SUMMARY: processing the following file failed:
     'SITH.Rmd'
    
    Error: Vignette re-building failed.
    Execution halted
Flavor: r-devel-windows-x86_64-gcc10-UCRT