CRAN Package Check Results for Package SIBER

Last updated on 2024-06-14 00:53:59 CEST.

Flavor Version Tinstall Tcheck Ttotal Status Flags
r-devel-linux-x86_64-debian-clang 2.1.9 7.46 374.70 382.16 OK
r-devel-linux-x86_64-debian-gcc 2.1.9 0.54 1.75 2.29 ERROR
r-devel-linux-x86_64-fedora-clang 2.1.9 475.18 OK
r-devel-linux-x86_64-fedora-gcc 2.1.9 444.53 OK
r-devel-windows-x86_64 2.1.9 7.00 238.00 245.00 OK
r-patched-linux-x86_64 2.1.9 9.06 344.20 353.26 OK
r-release-linux-x86_64 2.1.9 4.95 352.09 357.04 OK
r-release-macos-arm64 2.1.9 111.00 OK
r-release-macos-x86_64 2.1.9 186.00 OK
r-release-windows-x86_64 2.1.9 9.00 248.00 257.00 OK
r-oldrel-macos-arm64 2.1.9 131.00 OK
r-oldrel-macos-x86_64 2.1.9 239.00 OK
r-oldrel-windows-x86_64 2.1.9 10.00 323.00 333.00 OK

Check Details

Version: 2.1.9
Check: package dependencies
Result: ERROR Packages required but not available: 'hdrcde', 'tidyr', 'dplyr', 'ggplot2', 'purrr' Package suggested but not available for checking: ‘viridis’ See section ‘The DESCRIPTION file’ in the ‘Writing R Extensions’ manual. Flavor: r-devel-linux-x86_64-debian-gcc