CRAN Package Check Results for Package SEMgraph

Last updated on 2022-01-23 23:50:30 CET.

Flavor Version Tinstall Tcheck Ttotal Status Flags
r-devel-linux-x86_64-debian-clang 1.0.5 39.96 326.43 366.39 OK
r-devel-linux-x86_64-debian-gcc 1.0.5 35.05 269.51 304.56 OK
r-devel-linux-x86_64-fedora-clang 1.0.5 441.96 OK
r-devel-linux-x86_64-fedora-gcc 1.0.5 429.79 OK
r-devel-windows-x86_64-new-UL 1.0.5 118.00 350.00 468.00 OK
r-devel-windows-x86_64-new-TK 1.0.5 OK
r-patched-linux-x86_64 1.0.5 45.18 309.96 355.14 OK
r-release-linux-x86_64 1.0.5 32.06 313.08 345.14 OK
r-release-macos-arm64 1.0.5 OK
r-release-macos-x86_64 1.0.5 OK
r-release-windows-ix86+x86_64 1.0.5 88.00 376.00 464.00 OK
r-oldrel-macos-x86_64 1.0.4 NOTE
r-oldrel-windows-ix86+x86_64 1.0.5 76.00 326.00 402.00 OK

Check Details

Version: 1.0.4
Check: package dependencies
Result: NOTE
    Package suggested but not available for checking: ‘ROntoTools’
Flavor: r-oldrel-macos-x86_64