CRAN Package Check Results for Package SEMModComp

Last updated on 2019-07-15 00:50:50 CEST.

Flavor Version Tinstall Tcheck Ttotal Status Flags
r-devel-linux-x86_64-debian-clang 1.0 1.62 29.00 30.62 NOTE
r-devel-linux-x86_64-debian-gcc 1.0 1.39 22.80 24.19 NOTE
r-devel-linux-x86_64-fedora-clang 1.0 35.88 NOTE
r-devel-linux-x86_64-fedora-gcc 1.0 34.69 NOTE
r-devel-windows-ix86+x86_64 1.0 4.00 45.00 49.00 NOTE
r-patched-linux-x86_64 1.0 1.89 28.68 30.57 NOTE
r-patched-solaris-x86 1.0 57.20 NOTE
r-release-linux-x86_64 1.0 1.69 28.41 30.10 NOTE
r-release-windows-ix86+x86_64 1.0 4.00 43.00 47.00 NOTE
r-release-osx-x86_64 1.0 NOTE
r-oldrel-windows-ix86+x86_64 1.0 3.00 33.00 36.00 NOTE
r-oldrel-osx-x86_64 1.0 NOTE

Check Details

Version: 1.0
Check: DESCRIPTION meta-information
Result: NOTE
    Malformed Description field: should contain one or more complete sentences.
Flavors: r-devel-linux-x86_64-debian-clang, r-devel-linux-x86_64-debian-gcc, r-devel-linux-x86_64-fedora-clang, r-devel-linux-x86_64-fedora-gcc, r-devel-windows-ix86+x86_64, r-patched-linux-x86_64, r-patched-solaris-x86, r-release-linux-x86_64, r-release-windows-ix86+x86_64, r-release-osx-x86_64, r-oldrel-windows-ix86+x86_64, r-oldrel-osx-x86_64

Version: 1.0
Check: dependencies in R code
Result: NOTE
    Package in Depends field not imported from: 'mvtnorm'
     These packages need to be imported from (in the NAMESPACE file)
     for when this namespace is loaded but not attached.
Flavors: r-devel-linux-x86_64-debian-clang, r-devel-linux-x86_64-debian-gcc, r-devel-linux-x86_64-fedora-clang, r-devel-linux-x86_64-fedora-gcc, r-devel-windows-ix86+x86_64, r-patched-linux-x86_64, r-patched-solaris-x86, r-release-linux-x86_64, r-release-windows-ix86+x86_64, r-release-osx-x86_64, r-oldrel-windows-ix86+x86_64, r-oldrel-osx-x86_64

Version: 1.0
Check: R code for possible problems
Result: NOTE
    ChiSquaredLRTest: no visible global function definition for 'na.omit'
    ChiSquaredLRTest: no visible global function definition for 'cov'
    ChiSquaredLRTest: no visible global function definition for 'dmvnorm'
    ChiSquaredLRTest: no visible global function definition for 'pchisq'
    NormalTheoryLRTest: no visible global function definition for 'na.omit'
    NormalTheoryLRTest: no visible global function definition for 'cov'
    NormalTheoryLRTest: no visible global function definition for 'dmvnorm'
    NormalTheoryLRTest: no visible global function definition for 'sd'
    NormalTheoryLRTest: no visible global function definition for 'pnorm'
    Undefined global functions or variables:
     cov dmvnorm na.omit pchisq pnorm sd
    Consider adding
     importFrom("stats", "cov", "na.omit", "pchisq", "pnorm", "sd")
    to your NAMESPACE file.
Flavors: r-devel-linux-x86_64-debian-clang, r-devel-linux-x86_64-debian-gcc, r-devel-linux-x86_64-fedora-clang, r-devel-linux-x86_64-fedora-gcc, r-devel-windows-ix86+x86_64, r-patched-linux-x86_64, r-patched-solaris-x86, r-release-linux-x86_64, r-release-windows-ix86+x86_64, r-release-osx-x86_64, r-oldrel-windows-ix86+x86_64, r-oldrel-osx-x86_64