CRAN Package Check Results for Package SEA

Last updated on 2024-06-14 23:54:35 CEST.

Flavor Version Tinstall Tcheck Ttotal Status Flags
r-devel-linux-x86_64-debian-clang 2.0.1 289.69 963.20 1252.89 OK
r-devel-linux-x86_64-debian-gcc 2.0.1 243.98 636.95 880.93 OK
r-devel-linux-x86_64-fedora-clang 2.0.1 1601.10 NOTE
r-devel-linux-x86_64-fedora-gcc 2.0.1 1426.04 OK
r-devel-windows-x86_64 2.0.1 213.00 428.00 641.00 NOTE
r-patched-linux-x86_64 2.0.1 285.36 876.04 1161.40 OK
r-release-linux-x86_64 2.0.1 283.43 903.08 1186.51 OK
r-release-macos-arm64 2.0.1 254.00 NOTE
r-release-macos-x86_64 2.0.1 478.00 NOTE
r-release-windows-x86_64 2.0.1 211.00 443.00 654.00 NOTE
r-oldrel-macos-arm64 2.0.1 283.00 NOTE
r-oldrel-macos-x86_64 2.0.1 574.00 NOTE
r-oldrel-windows-x86_64 2.0.1 300.00 616.00 916.00 NOTE

Check Details

Version: 2.0.1
Check: installed package size
Result: NOTE installed size is 8.5Mb sub-directories of 1Mb or more: R 7.8Mb Flavors: r-devel-linux-x86_64-fedora-clang, r-devel-windows-x86_64, r-release-macos-arm64, r-release-macos-x86_64, r-release-windows-x86_64, r-oldrel-macos-arm64, r-oldrel-macos-x86_64, r-oldrel-windows-x86_64