Last updated on 2022-06-28 23:54:15 CEST.
Flavor | Version | Tinstall | Tcheck | Ttotal | Status | Flags |
---|---|---|---|---|---|---|
r-devel-linux-x86_64-debian-clang | 2.0.1 | 282.32 | 907.90 | 1190.22 | OK | |
r-devel-linux-x86_64-debian-gcc | 2.0.1 | 230.40 | 634.23 | 864.63 | OK | |
r-devel-linux-x86_64-fedora-clang | 2.0.1 | 1404.37 | NOTE | |||
r-devel-linux-x86_64-fedora-gcc | 2.0.1 | 1415.88 | OK | |||
r-devel-windows-x86_64 | 2.0.1 | 206.00 | 682.00 | 888.00 | NOTE | |
r-patched-linux-x86_64 | 2.0.1 | 258.76 | 847.48 | 1106.24 | OK | |
r-release-linux-x86_64 | 2.0.1 | 251.49 | 862.68 | 1114.17 | OK | |
r-release-macos-arm64 | 2.0.1 | 294.00 | NOTE | |||
r-release-macos-x86_64 | 2.0.1 | 489.00 | NOTE | |||
r-release-windows-x86_64 | 2.0.1 | 216.00 | 668.00 | 884.00 | NOTE | |
r-oldrel-macos-arm64 | 2.0.1 | 232.00 | NOTE | |||
r-oldrel-macos-x86_64 | 2.0.1 | 345.00 | NOTE | |||
r-oldrel-windows-ix86+x86_64 | 2.0.1 | 427.00 | 838.00 | 1265.00 | NOTE |
Version: 2.0.1
Check: installed package size
Result: NOTE
installed size is 7.9Mb
sub-directories of 1Mb or more:
R 7.2Mb
Flavors: r-devel-linux-x86_64-fedora-clang, r-devel-windows-x86_64, r-release-macos-arm64, r-release-macos-x86_64, r-release-windows-x86_64, r-oldrel-macos-arm64, r-oldrel-macos-x86_64, r-oldrel-windows-ix86+x86_64