CRAN Package Check Results for Package SE.EQ

Last updated on 2022-06-30 23:52:24 CEST.

Flavor Version Tinstall Tcheck Ttotal Status Flags
r-devel-linux-x86_64-debian-clang 1.0 2.22 30.96 33.18 OK
r-devel-linux-x86_64-debian-gcc 1.0 1.70 23.27 24.97 OK
r-devel-linux-x86_64-fedora-clang 1.0 49.38 NOTE
r-devel-linux-x86_64-fedora-gcc 1.0 49.43 OK
r-devel-windows-x86_64 1.0 4.00 57.00 61.00 OK
r-patched-linux-x86_64 1.0 2.42 28.84 31.26 OK
r-release-linux-x86_64 1.0 2.10 29.12 31.22 OK
r-release-macos-arm64 1.0 18.00 OK
r-release-macos-x86_64 1.0 23.00 OK
r-release-windows-x86_64 1.0 9.00 56.00 65.00 OK
r-oldrel-macos-arm64 1.0 22.00 OK
r-oldrel-macos-x86_64 1.0 29.00 OK
r-oldrel-windows-ix86+x86_64 1.0 6.00 48.00 54.00 OK

Check Details

Version: 1.0
Check: Rd cross-references
Result: NOTE
    Undeclared packages ‘EDNE.EQ’, ‘T2EQ’ in Rd xrefs
Flavor: r-devel-linux-x86_64-fedora-clang