CRAN Package Check Results for Package SDaA

Last updated on 2018-04-21 02:47:53 CEST.

Flavor Version Tinstall Tcheck Ttotal Status Flags
r-devel-linux-x86_64-debian-clang 0.1-3 1.14 26.15 27.29 NOTE
r-devel-linux-x86_64-debian-gcc 0.1-3 0.93 20.46 21.39 NOTE
r-devel-linux-x86_64-fedora-clang 0.1-3 32.32 NOTE
r-devel-linux-x86_64-fedora-gcc 0.1-3 31.13 NOTE
r-devel-windows-ix86+x86_64 0.1-3 5.00 42.00 47.00 NOTE
r-devel-osx-x86_64 0.1-3 NOTE
r-patched-linux-x86_64 0.1-3 0.99 24.94 25.93 NOTE
r-patched-solaris-x86 0.1-3 50.30 NOTE
r-release-linux-x86_64 0.1-3 1.23 28.29 29.52 NOTE
r-release-windows-ix86+x86_64 0.1-3 5.00 57.00 62.00 NOTE
r-release-osx-x86_64 0.1-3 NOTE
r-oldrel-windows-ix86+x86_64 0.1-3 5.00 35.00 40.00 NOTE

Check Details

Version: 0.1-3
Check: R code for possible problems
Result: NOTE
    lahiri.design: no visible global function definition for ‘runif’
    Undefined global functions or variables:
     runif
    Consider adding
     importFrom("stats", "runif")
    to your NAMESPACE file.
Flavors: r-devel-linux-x86_64-debian-clang, r-devel-linux-x86_64-debian-gcc, r-devel-linux-x86_64-fedora-clang, r-devel-linux-x86_64-fedora-gcc, r-devel-windows-ix86+x86_64, r-devel-osx-x86_64, r-patched-linux-x86_64, r-patched-solaris-x86, r-release-linux-x86_64, r-release-windows-ix86+x86_64, r-release-osx-x86_64, r-oldrel-windows-ix86+x86_64