CRAN Package Check Results for Package SDaA

Last updated on 2018-08-19 02:48:03 CEST.

Flavor Version Tinstall Tcheck Ttotal Status Flags
r-devel-linux-x86_64-debian-clang 0.1-3 1.23 27.69 28.92 NOTE
r-devel-linux-x86_64-debian-gcc 0.1-3 1.20 22.73 23.93 NOTE
r-devel-linux-x86_64-fedora-clang 0.1-3 35.41 NOTE
r-devel-linux-x86_64-fedora-gcc 0.1-3 33.67 NOTE
r-devel-windows-ix86+x86_64 0.1-3 5.00 45.00 50.00 NOTE
r-patched-linux-x86_64 0.1-3 1.14 25.96 27.10 NOTE
r-patched-solaris-x86 0.1-3 51.70 NOTE
r-release-linux-x86_64 0.1-3 1.28 25.46 26.74 NOTE
r-release-windows-ix86+x86_64 0.1-3 5.00 58.00 63.00 NOTE
r-release-osx-x86_64 0.1-3 NOTE
r-oldrel-windows-ix86+x86_64 0.1-3 3.00 38.00 41.00 NOTE
r-oldrel-osx-x86_64 0.1-3 NOTE

Check Details

Version: 0.1-3
Check: R code for possible problems
Result: NOTE
    lahiri.design: no visible global function definition for ‘runif’
    Undefined global functions or variables:
     runif
    Consider adding
     importFrom("stats", "runif")
    to your NAMESPACE file.
Flavors: r-devel-linux-x86_64-debian-clang, r-devel-linux-x86_64-debian-gcc, r-devel-linux-x86_64-fedora-clang, r-devel-linux-x86_64-fedora-gcc, r-devel-windows-ix86+x86_64, r-patched-linux-x86_64, r-patched-solaris-x86, r-release-linux-x86_64, r-release-windows-ix86+x86_64, r-release-osx-x86_64, r-oldrel-windows-ix86+x86_64, r-oldrel-osx-x86_64