CRAN Package Check Results for Package SDaA

Last updated on 2017-08-18 02:49:25.

Flavor Version Tinstall Tcheck Ttotal Status Flags
r-devel-linux-x86_64-debian-clang 0.1-3 0.97 19.66 20.63 NOTE
r-devel-linux-x86_64-debian-gcc 0.1-3 0.92 18.28 19.20 NOTE
r-devel-linux-x86_64-fedora-clang 0.1-3 34.78 NOTE
r-devel-linux-x86_64-fedora-gcc 0.1-3 33.86 NOTE
r-devel-windows-ix86+x86_64 0.1-3 3.00 39.00 42.00 NOTE
r-patched-linux-x86_64 0.1-3 0.96 18.64 19.60 NOTE
r-patched-solaris-x86 0.1-3 46.30 NOTE
r-release-linux-x86_64 0.1-3 0.94 18.69 19.62 NOTE
r-release-windows-ix86+x86_64 0.1-3 3.00 42.00 45.00 NOTE
r-release-osx-x86_64 0.1-3 NOTE
r-oldrel-windows-ix86+x86_64 0.1-3 3.00 34.00 37.00 NOTE
r-oldrel-osx-x86_64 0.1-3 NOTE

Check Details

Version: 0.1-3
Check: R code for possible problems
Result: NOTE
    lahiri.design: no visible global function definition for ‘runif’
    Undefined global functions or variables:
     runif
    Consider adding
     importFrom("stats", "runif")
    to your NAMESPACE file.
Flavors: r-devel-linux-x86_64-debian-clang, r-devel-linux-x86_64-debian-gcc, r-devel-linux-x86_64-fedora-clang, r-devel-linux-x86_64-fedora-gcc, r-devel-windows-ix86+x86_64, r-patched-linux-x86_64, r-patched-solaris-x86, r-release-linux-x86_64, r-release-windows-ix86+x86_64, r-release-osx-x86_64, r-oldrel-windows-ix86+x86_64, r-oldrel-osx-x86_64