CRAN Package Check Results for Package SDaA

Last updated on 2017-03-28 01:47:39.

Flavor Version Tinstall Tcheck Ttotal Status Flags
r-devel-linux-x86_64-debian-clang 0.1-3 0.90 18.82 19.72 NOTE
r-devel-linux-x86_64-debian-gcc 0.1-3 0.93 18.00 18.93 NOTE
r-devel-linux-x86_64-fedora-clang 0.1-3 34.85 NOTE --no-stop-on-test-error
r-devel-linux-x86_64-fedora-gcc 0.1-3 34.68 NOTE --no-stop-on-test-error
r-devel-macos-x86_64-clang 0.1-3 29.89 NOTE --no-stop-on-test-error
r-devel-windows-ix86+x86_64 0.1-3 4.00 39.00 43.00 NOTE
r-patched-linux-x86_64 0.1-3 0.98 18.12 19.10 NOTE
r-patched-solaris-sparc 0.1-3 207.50 NOTE
r-patched-solaris-x86 0.1-3 46.00 NOTE
r-release-linux-x86_64 0.1-3 0.93 14.41 15.35 NOTE
r-release-osx-x86_64-mavericks 0.1-3 NOTE
r-release-windows-ix86+x86_64 0.1-3 5.00 36.00 41.00 NOTE
r-oldrel-windows-ix86+x86_64 0.1-3 9.00 37.00 46.00 OK

Check Details

Version: 0.1-3
Check: R code for possible problems
Result: NOTE
    lahiri.design: no visible global function definition for ‘runif’
    Undefined global functions or variables:
     runif
    Consider adding
     importFrom("stats", "runif")
    to your NAMESPACE file.
Flavors: r-devel-linux-x86_64-debian-clang, r-devel-linux-x86_64-debian-gcc, r-devel-windows-ix86+x86_64, r-patched-linux-x86_64, r-patched-solaris-sparc, r-patched-solaris-x86, r-release-linux-x86_64, r-release-osx-x86_64-mavericks, r-release-windows-ix86+x86_64

Version: 0.1-3
Flags: --no-stop-on-test-error
Check: R code for possible problems
Result: NOTE
    lahiri.design: no visible global function definition for ‘runif’
    Undefined global functions or variables:
     runif
    Consider adding
     importFrom("stats", "runif")
    to your NAMESPACE file.
Flavors: r-devel-linux-x86_64-fedora-clang, r-devel-linux-x86_64-fedora-gcc, r-devel-macos-x86_64-clang