CRAN Package Check Results for Package SDaA

Last updated on 2017-10-22 02:49:26.

Flavor Version Tinstall Tcheck Ttotal Status Flags
r-devel-linux-x86_64-debian-clang 0.1-3 0.97 18.59 19.56 NOTE
r-devel-linux-x86_64-debian-gcc 0.1-3 0.96 20.16 21.12 NOTE
r-devel-linux-x86_64-fedora-clang 0.1-3 36.04 NOTE
r-devel-linux-x86_64-fedora-gcc 0.1-3 35.50 NOTE
r-devel-windows-ix86+x86_64 0.1-3 4.00 36.00 40.00 NOTE
r-patched-linux-x86_64 0.1-3 0.95 18.74 19.69 NOTE
r-patched-solaris-x86 0.1-3 46.80 NOTE
r-release-linux-x86_64 0.1-3 0.95 18.68 19.63 NOTE
r-release-windows-ix86+x86_64 0.1-3 5.00 37.00 42.00 NOTE
r-release-osx-x86_64 0.1-3 NOTE
r-oldrel-windows-ix86+x86_64 0.1-3 3.00 47.00 50.00 NOTE
r-oldrel-osx-x86_64 0.1-3 NOTE

Check Details

Version: 0.1-3
Check: R code for possible problems
Result: NOTE
    lahiri.design: no visible global function definition for ‘runif’
    Undefined global functions or variables:
     runif
    Consider adding
     importFrom("stats", "runif")
    to your NAMESPACE file.
Flavors: r-devel-linux-x86_64-debian-clang, r-devel-linux-x86_64-debian-gcc, r-devel-linux-x86_64-fedora-clang, r-devel-linux-x86_64-fedora-gcc, r-devel-windows-ix86+x86_64, r-patched-linux-x86_64, r-patched-solaris-x86, r-release-linux-x86_64, r-release-windows-ix86+x86_64, r-release-osx-x86_64, r-oldrel-windows-ix86+x86_64, r-oldrel-osx-x86_64