CRAN Package Check Results for Package SDaA

Last updated on 2017-05-22 23:53:04.

Flavor Version Tinstall Tcheck Ttotal Status Flags
r-devel-linux-x86_64-debian-clang 0.1-3 1.03 18.56 19.59 NOTE
r-devel-linux-x86_64-debian-gcc 0.1-3 0.96 18.37 19.33 NOTE
r-devel-linux-x86_64-fedora-clang 0.1-3 35.49 NOTE --no-stop-on-test-error
r-devel-linux-x86_64-fedora-gcc 0.1-3 33.54 NOTE --no-stop-on-test-error
r-devel-windows-ix86+x86_64 0.1-3 8.00 53.00 61.00 NOTE
r-patched-linux-x86_64 0.1-3 0.96 18.15 19.10 NOTE
r-patched-solaris-sparc 0.1-3 207.50 NOTE
r-patched-solaris-x86 0.1-3 44.90 NOTE
r-release-linux-x86_64 0.1-3 0.97 19.73 20.70 NOTE
r-release-windows-ix86+x86_64 0.1-3 3.00 58.00 61.00 NOTE
r-release-osx-x86_64 0.1-3 NOTE
r-oldrel-windows-ix86+x86_64 0.1-3 6.00 51.00 57.00 NOTE
r-oldrel-osx-x86_64 0.1-3 NOTE

Check Details

Version: 0.1-3
Check: R code for possible problems
Result: NOTE
    lahiri.design: no visible global function definition for ‘runif’
    Undefined global functions or variables:
     runif
    Consider adding
     importFrom("stats", "runif")
    to your NAMESPACE file.
Flavors: r-devel-linux-x86_64-debian-clang, r-devel-linux-x86_64-debian-gcc, r-devel-windows-ix86+x86_64, r-patched-linux-x86_64, r-patched-solaris-sparc, r-patched-solaris-x86, r-release-linux-x86_64, r-release-windows-ix86+x86_64, r-release-osx-x86_64, r-oldrel-windows-ix86+x86_64, r-oldrel-osx-x86_64

Version: 0.1-3
Flags: --no-stop-on-test-error
Check: R code for possible problems
Result: NOTE
    lahiri.design: no visible global function definition for ‘runif’
    Undefined global functions or variables:
     runif
    Consider adding
     importFrom("stats", "runif")
    to your NAMESPACE file.
Flavors: r-devel-linux-x86_64-fedora-clang, r-devel-linux-x86_64-fedora-gcc