CRAN Package Check Results for Package SDaA

Last updated on 2018-10-22 02:49:23 CEST.

Flavor Version Tinstall Tcheck Ttotal Status Flags
r-devel-linux-x86_64-debian-clang 0.1-3 1.16 27.83 28.99 NOTE
r-devel-linux-x86_64-debian-gcc 0.1-3 1.10 22.61 23.71 NOTE
r-devel-linux-x86_64-fedora-clang 0.1-3 35.46 NOTE
r-devel-linux-x86_64-fedora-gcc 0.1-3 33.98 NOTE
r-devel-windows-ix86+x86_64 0.1-3 7.00 56.00 63.00 NOTE
r-patched-linux-x86_64 0.1-3 1.14 25.48 26.62 NOTE
r-patched-solaris-x86 0.1-3 49.90 NOTE
r-release-linux-x86_64 0.1-3 0.99 25.78 26.77 NOTE
r-release-windows-ix86+x86_64 0.1-3 4.00 62.00 66.00 NOTE
r-release-osx-x86_64 0.1-3 NOTE
r-oldrel-windows-ix86+x86_64 0.1-3 3.00 65.00 68.00 NOTE
r-oldrel-osx-x86_64 0.1-3 NOTE

Check Details

Version: 0.1-3
Check: R code for possible problems
Result: NOTE
    lahiri.design: no visible global function definition for ‘runif’
    Undefined global functions or variables:
     runif
    Consider adding
     importFrom("stats", "runif")
    to your NAMESPACE file.
Flavors: r-devel-linux-x86_64-debian-clang, r-devel-linux-x86_64-debian-gcc, r-devel-linux-x86_64-fedora-clang, r-devel-linux-x86_64-fedora-gcc, r-devel-windows-ix86+x86_64, r-patched-linux-x86_64, r-patched-solaris-x86, r-release-linux-x86_64, r-release-windows-ix86+x86_64, r-release-osx-x86_64, r-oldrel-windows-ix86+x86_64, r-oldrel-osx-x86_64