CRAN Package Check Results for Package SDaA

Last updated on 2018-12-17 02:49:09 CET.

Flavor Version Tinstall Tcheck Ttotal Status Flags
r-devel-linux-x86_64-debian-clang 0.1-3 1.39 17.71 19.10 WARN
r-devel-linux-x86_64-debian-gcc 0.1-3 1.21 17.44 18.65 WARN
r-devel-linux-x86_64-fedora-clang 0.1-3 34.78 NOTE
r-devel-linux-x86_64-fedora-gcc 0.1-3 32.91 NOTE
r-devel-windows-ix86+x86_64 0.1-3 7.00 55.00 62.00 NOTE
r-patched-linux-x86_64 0.1-3 1.36 25.54 26.90 NOTE
r-patched-solaris-x86 0.1-3 49.90 NOTE
r-release-linux-x86_64 0.1-3 1.09 25.68 26.77 NOTE
r-release-windows-ix86+x86_64 0.1-3 3.00 63.00 66.00 NOTE
r-release-osx-x86_64 0.1-3 NOTE
r-oldrel-windows-ix86+x86_64 0.1-3 6.00 51.00 57.00 NOTE
r-oldrel-osx-x86_64 0.1-3 NOTE

Check Details

Version: 0.1-3
Check: R code for possible problems
Result: NOTE
    lahiri.design: no visible global function definition for ‘runif’
    Undefined global functions or variables:
     runif
    Consider adding
     importFrom("stats", "runif")
    to your NAMESPACE file.
Flavors: r-devel-linux-x86_64-debian-clang, r-devel-linux-x86_64-debian-gcc, r-devel-linux-x86_64-fedora-clang, r-devel-linux-x86_64-fedora-gcc, r-devel-windows-ix86+x86_64, r-patched-linux-x86_64, r-patched-solaris-x86, r-release-linux-x86_64, r-release-windows-ix86+x86_64, r-release-osx-x86_64, r-oldrel-windows-ix86+x86_64, r-oldrel-osx-x86_64

Version: 0.1-3
Check: re-building of vignette outputs
Result: WARN
    Error in re-building vignettes:
     ...
    Loading required package: grid
    Loading required package: Matrix
    Loading required package: survival
    Error: package or namespace load failed for ‘survival’ in dyn.load(file, DLLpath = DLLpath, ...):
     unable to load shared object ‘/home/hornik/tmp/R.check/r-devel-clang/Work/build/Packages/survival/libs/survival.so’:
     /home/hornik/tmp/R.check/r-devel-clang/Work/build/Packages/survival/libs/survival.so: failed to map segment from shared object
    
    Error: processing vignette ‘SDaA_using_survey.Rnw’ failed with diagnostics:
     chunk 2 (label = loadPkg)
    Error : package ‘survival’ could not be loaded
    Execution halted
Flavor: r-devel-linux-x86_64-debian-clang

Version: 0.1-3
Check: re-building of vignette outputs
Result: WARN
    Error in re-building vignettes:
     ...
    Loading required package: grid
    Loading required package: Matrix
    Loading required package: survival
    Error: package or namespace load failed for ‘survival’ in dyn.load(file, DLLpath = DLLpath, ...):
     unable to load shared object ‘/home/hornik/tmp/R.check/r-devel-gcc/Work/build/Packages/survival/libs/survival.so’:
     /home/hornik/tmp/R.check/r-devel-gcc/Work/build/Packages/survival/libs/survival.so: failed to map segment from shared object
    
    Error: processing vignette ‘SDaA_using_survey.Rnw’ failed with diagnostics:
     chunk 2 (label = loadPkg)
    Error : package ‘survival’ could not be loaded
    Execution halted
Flavor: r-devel-linux-x86_64-debian-gcc