CRAN Package Check Results for Package SDaA

Last updated on 2017-12-14 02:49:44 CET.

Flavor Version Tinstall Tcheck Ttotal Status Flags
r-devel-linux-x86_64-debian-clang 0.1-3 1.12 24.69 25.81 NOTE
r-devel-linux-x86_64-debian-gcc 0.1-3 1.06 22.95 24.01 NOTE
r-devel-linux-x86_64-fedora-clang 0.1-3 34.31 NOTE
r-devel-linux-x86_64-fedora-gcc 0.1-3 67.90 NOTE
r-devel-windows-ix86+x86_64 0.1-3 6.00 57.00 63.00 NOTE
r-patched-linux-x86_64 0.1-3 1.13 26.85 27.98 NOTE
r-patched-solaris-x86 0.1-3 47.10 NOTE
r-release-linux-x86_64 0.1-3 1.25 25.89 27.14 NOTE
r-release-windows-ix86+x86_64 0.1-3 4.00 44.00 48.00 NOTE
r-release-osx-x86_64 0.1-3 NOTE
r-oldrel-windows-ix86+x86_64 0.1-3 5.00 53.00 58.00 NOTE
r-oldrel-osx-x86_64 0.1-3 NOTE

Check Details

Version: 0.1-3
Check: R code for possible problems
Result: NOTE
    lahiri.design: no visible global function definition for ‘runif’
    Undefined global functions or variables:
     runif
    Consider adding
     importFrom("stats", "runif")
    to your NAMESPACE file.
Flavors: r-devel-linux-x86_64-debian-clang, r-devel-linux-x86_64-debian-gcc, r-devel-linux-x86_64-fedora-clang, r-devel-linux-x86_64-fedora-gcc, r-devel-windows-ix86+x86_64, r-patched-linux-x86_64, r-patched-solaris-x86, r-release-linux-x86_64, r-release-windows-ix86+x86_64, r-release-osx-x86_64, r-oldrel-windows-ix86+x86_64, r-oldrel-osx-x86_64