CRAN Package Check Results for Package SDaA

Last updated on 2017-06-28 02:47:16.

Flavor Version Tinstall Tcheck Ttotal Status Flags
r-devel-linux-x86_64-debian-clang 0.1-3 0.95 18.93 19.88 NOTE
r-devel-linux-x86_64-debian-gcc 0.1-3 0.93 17.85 18.77 NOTE
r-devel-linux-x86_64-fedora-clang 0.1-3 35.21 NOTE
r-devel-linux-x86_64-fedora-gcc 0.1-3 33.28 NOTE
r-devel-windows-ix86+x86_64 0.1-3 6.00 44.00 50.00 NOTE
r-patched-linux-x86_64 0.1-3 1.00 18.19 19.19 NOTE
r-patched-solaris-sparc 0.1-3 207.50 NOTE
r-patched-solaris-x86 0.1-3 45.50 NOTE
r-release-linux-x86_64 0.1-3 0.91 18.38 19.29 NOTE
r-release-windows-ix86+x86_64 0.1-3 4.00 53.00 57.00 NOTE
r-release-osx-x86_64 0.1-3 NOTE
r-oldrel-windows-ix86+x86_64 0.1-3 5.00 53.00 58.00 NOTE
r-oldrel-osx-x86_64 0.1-3 NOTE

Check Details

Version: 0.1-3
Check: R code for possible problems
Result: NOTE
    lahiri.design: no visible global function definition for ‘runif’
    Undefined global functions or variables:
     runif
    Consider adding
     importFrom("stats", "runif")
    to your NAMESPACE file.
Flavors: r-devel-linux-x86_64-debian-clang, r-devel-linux-x86_64-debian-gcc, r-devel-linux-x86_64-fedora-clang, r-devel-linux-x86_64-fedora-gcc, r-devel-windows-ix86+x86_64, r-patched-linux-x86_64, r-patched-solaris-sparc, r-patched-solaris-x86, r-release-linux-x86_64, r-release-windows-ix86+x86_64, r-release-osx-x86_64, r-oldrel-windows-ix86+x86_64, r-oldrel-osx-x86_64