CRAN Package Check Results for Package SDaA

Last updated on 2018-02-23 02:48:28 CET.

Flavor Version Tinstall Tcheck Ttotal Status Flags
r-devel-linux-x86_64-debian-clang 0.1-3 1.39 23.21 24.60 NOTE
r-devel-linux-x86_64-debian-gcc 0.1-3 1.03 20.28 21.31 NOTE
r-devel-linux-x86_64-fedora-clang 0.1-3 32.44 NOTE
r-devel-linux-x86_64-fedora-gcc 0.1-3 31.43 NOTE
r-devel-windows-ix86+x86_64 0.1-3 5.00 43.00 48.00 NOTE
r-patched-linux-x86_64 0.1-3 1.38 27.88 29.26 NOTE
r-patched-solaris-x86 0.1-3 47.20 NOTE
r-release-linux-x86_64 0.1-3 0.99 27.49 28.48 NOTE
r-release-windows-ix86+x86_64 0.1-3 4.00 54.00 58.00 NOTE
r-release-osx-x86_64 0.1-3 NOTE
r-oldrel-windows-ix86+x86_64 0.1-3 3.00 56.00 59.00 NOTE
r-oldrel-osx-x86_64 0.1-3 NOTE

Check Details

Version: 0.1-3
Check: R code for possible problems
Result: NOTE
    lahiri.design: no visible global function definition for ‘runif’
    Undefined global functions or variables:
     runif
    Consider adding
     importFrom("stats", "runif")
    to your NAMESPACE file.
Flavors: r-devel-linux-x86_64-debian-clang, r-devel-linux-x86_64-debian-gcc, r-devel-linux-x86_64-fedora-clang, r-devel-linux-x86_64-fedora-gcc, r-devel-windows-ix86+x86_64, r-patched-linux-x86_64, r-patched-solaris-x86, r-release-linux-x86_64, r-release-windows-ix86+x86_64, r-release-osx-x86_64, r-oldrel-windows-ix86+x86_64, r-oldrel-osx-x86_64