CRAN Package Check Results for Package SDaA

Last updated on 2017-04-25 23:50:13.

Flavor Version Tinstall Tcheck Ttotal Status Flags
r-devel-linux-x86_64-debian-clang 0.1-3 0.97 18.86 19.83 NOTE
r-devel-linux-x86_64-debian-gcc 0.1-3 0.94 18.52 19.47 NOTE
r-devel-linux-x86_64-fedora-clang 0.1-3 35.07 NOTE --no-stop-on-test-error
r-devel-linux-x86_64-fedora-gcc 0.1-3 34.43 NOTE --no-stop-on-test-error
r-devel-windows-ix86+x86_64 0.1-3 6.00 41.00 47.00 NOTE
r-patched-linux-x86_64 0.1-3 0.94 18.98 19.93 NOTE
r-patched-solaris-sparc 0.1-3 207.50 NOTE
r-patched-solaris-x86 0.1-3 45.00 NOTE
r-release-linux-x86_64 0.1-3 0.90 18.32 19.22 NOTE
r-release-windows-ix86+x86_64 0.1-3 4.00 43.00 47.00 NOTE
r-release-osx-x86_64 0.1-3 NOTE
r-oldrel-windows-ix86+x86_64 0.1-3 3.00 58.00 61.00 NOTE
r-oldrel-osx-x86_64 0.1-3 NOTE

Check Details

Version: 0.1-3
Check: R code for possible problems
Result: NOTE
    lahiri.design: no visible global function definition for ‘runif’
    Undefined global functions or variables:
     runif
    Consider adding
     importFrom("stats", "runif")
    to your NAMESPACE file.
Flavors: r-devel-linux-x86_64-debian-clang, r-devel-linux-x86_64-debian-gcc, r-devel-windows-ix86+x86_64, r-patched-linux-x86_64, r-patched-solaris-sparc, r-patched-solaris-x86, r-release-linux-x86_64, r-release-windows-ix86+x86_64, r-release-osx-x86_64, r-oldrel-windows-ix86+x86_64, r-oldrel-osx-x86_64

Version: 0.1-3
Flags: --no-stop-on-test-error
Check: R code for possible problems
Result: NOTE
    lahiri.design: no visible global function definition for ‘runif’
    Undefined global functions or variables:
     runif
    Consider adding
     importFrom("stats", "runif")
    to your NAMESPACE file.
Flavors: r-devel-linux-x86_64-fedora-clang, r-devel-linux-x86_64-fedora-gcc