CRAN Package Check Results for Package SDLfilter

Last updated on 2024-06-14 00:53:58 CEST.

Flavor Version Tinstall Tcheck Ttotal Status Flags
r-devel-linux-x86_64-debian-clang 2.3.3 15.88 169.58 185.46 OK
r-devel-linux-x86_64-debian-gcc 2.3.3 0.43 1.73 2.16 ERROR
r-devel-linux-x86_64-fedora-clang 2.3.3 241.77 OK
r-devel-linux-x86_64-fedora-gcc 2.3.3 215.24 OK
r-devel-windows-x86_64 2.3.3 17.00 127.00 144.00 OK
r-patched-linux-x86_64 2.3.3 16.23 163.89 180.12 OK
r-release-linux-x86_64 2.3.3 9.70 165.33 175.03 OK
r-release-macos-arm64 2.3.3 65.00 OK
r-release-macos-x86_64 2.3.3 95.00 OK
r-release-windows-x86_64 2.3.3 17.00 130.00 147.00 OK
r-oldrel-macos-arm64 2.3.3 60.00 OK
r-oldrel-macos-x86_64 2.3.3 137.00 OK
r-oldrel-windows-x86_64 2.3.3 22.00 169.00 191.00 OK

Check Details

Version: 2.3.3
Check: package dependencies
Result: ERROR Packages required but not available: 'ggplot2', 'ggmap', 'lubridate', 'dplyr', 'ggspatial' See section ‘The DESCRIPTION file’ in the ‘Writing R Extensions’ manual. Flavor: r-devel-linux-x86_64-debian-gcc