Last updated on 2021-04-14 23:47:27 CEST.
Flavor | Version | Tinstall | Tcheck | Ttotal | Status | Flags |
---|---|---|---|---|---|---|
r-devel-linux-x86_64-debian-clang | 1.0.1 | 6.82 | 47.93 | 54.75 | NOTE | |
r-devel-linux-x86_64-debian-gcc | 1.0.1 | 4.73 | 37.46 | 42.19 | NOTE | |
r-devel-linux-x86_64-fedora-clang | 1.0.1 | 74.66 | NOTE | |||
r-devel-linux-x86_64-fedora-gcc | 1.0.1 | 64.93 | NOTE | |||
r-devel-windows-ix86+x86_64 | 1.0.1 | 14.00 | 85.00 | 99.00 | OK | |
r-devel-windows-x86_64-gcc10-UCRT | 1.0.1 | OK | ||||
r-patched-linux-x86_64 | 1.0.1 | 5.06 | 45.93 | 50.99 | NOTE | |
r-patched-solaris-x86 | 1.0.1 | 101.40 | NOTE | |||
r-release-linux-x86_64 | 1.0.1 | 6.27 | 45.99 | 52.26 | NOTE | |
r-release-macos-x86_64 | 1.0.1 | OK | ||||
r-release-windows-ix86+x86_64 | 1.0.1 | 18.00 | 87.00 | 105.00 | OK | |
r-oldrel-macos-x86_64 | 1.0.1 | OK | ||||
r-oldrel-windows-ix86+x86_64 | 1.0.1 | 10.00 | 60.00 | 70.00 | OK |
Version: 1.0.1
Check: for non-standard things in the check directory
Result: NOTE
Found the following files/directories:
'result.txt'
Flavors: r-devel-linux-x86_64-debian-clang, r-devel-linux-x86_64-debian-gcc, r-devel-linux-x86_64-fedora-clang, r-devel-linux-x86_64-fedora-gcc, r-patched-linux-x86_64, r-patched-solaris-x86, r-release-linux-x86_64
Version: 1.0.1
Check: compiled code
Result: NOTE
File ‘SDDE/libs/SDDE.so’:
Found no calls to: ‘R_registerRoutines’, ‘R_useDynamicSymbols’
It is good practice to register native routines and to disable symbol
search.
See ‘Writing portable packages’ in the ‘Writing R Extensions’ manual.
Flavors: r-devel-linux-x86_64-fedora-clang, r-devel-linux-x86_64-fedora-gcc